{"id":1907,"date":"2015-10-07T08:39:32","date_gmt":"2015-10-07T06:39:32","guid":{"rendered":"http:\/\/www.living-leedh.com\/?page_id=1907"},"modified":"2015-10-18T15:08:54","modified_gmt":"2015-10-18T13:08:54","slug":"axiom","status":"publish","type":"page","link":"https:\/\/www.living-leedh.com\/?page_id=1907","title":{"rendered":"Axiom"},"content":{"rendered":"<p style=\"text-align: left;\"><em>Merci \u00e0 Dominique pour sa contribution :<\/em><img loading=\"lazy\" decoding=\"async\" class=\"size-medium wp-image-1912 alignleft\" src=\"http:\/\/www.living-leedh.com\/wp-content\/uploads\/2015\/10\/Photo_axiom_1-3-200x300.jpg\" alt=\"Photo_axiom_1 (3)\" width=\"200\" height=\"300\" srcset=\"https:\/\/www.living-leedh.com\/wp-content\/uploads\/2015\/10\/Photo_axiom_1-3-200x300.jpg 200w, https:\/\/www.living-leedh.com\/wp-content\/uploads\/2015\/10\/Photo_axiom_1-3.jpg 299w\" sizes=\"auto, (max-width: 200px) 100vw, 200px\" \/><em><br \/>\n<\/em><\/p>\n<p style=\"text-align: left;\">Sauf erreur de ma part, la LEEDH Axiom est sortie en <strong>1989<\/strong> et aurait \u00e9t\u00e9 pr\u00e9sent\u00e9e en avant-premi\u00e8re les 7, 8, 9 et 10 avril 1989 par le magasin Pr\u00e9sence Rive Gauche dans deux h\u00f4tels du Marais.<\/p>\n<p>Elle \u00e9tait aliment\u00e9e par des pr\u00e9amplis et amplis \u00e0 tube de la marque <a href=\"http:\/\/vtl.com\/\" target=\"_blank\">VTL<\/a>. La commercialisation s&rsquo;est faite fin 1989 d&rsquo;apr\u00e8s la pub de Pr\u00e9sence Rive Gauche dans la Nouvelle Revue Du Son de d\u00e9cembre 1989.<\/p>\n<p>La <a href=\"http:\/\/www.living-leedh.com\/wp-content\/uploads\/2015\/10\/Axiom_pub_PRG.pdf\" target=\"_blank\">pub <\/a>\u00e9tait intitul\u00e9e\u00a0:<a href=\"http:\/\/www.living-leedh.com\/wp-content\/uploads\/2015\/10\/Axiom_pub_PRG.pdf\" target=\"_blank\"><img loading=\"lazy\" decoding=\"async\" class=\"size-medium wp-image-1909 alignright\" src=\"http:\/\/www.living-leedh.com\/wp-content\/uploads\/2015\/10\/CapturePUB-300x85.png\" alt=\"CapturePUB\" width=\"300\" height=\"85\" srcset=\"https:\/\/www.living-leedh.com\/wp-content\/uploads\/2015\/10\/CapturePUB-300x85.png 300w, https:\/\/www.living-leedh.com\/wp-content\/uploads\/2015\/10\/CapturePUB-400x113.png 400w, https:\/\/www.living-leedh.com\/wp-content\/uploads\/2015\/10\/CapturePUB.png 811w\" sizes=\"auto, (max-width: 300px) 100vw, 300px\" \/><\/a><\/p>\n<p><strong>\u00ab\u00a0Il est n\u00e9 le divin enfant ! La LEEDH Axiom\u00a0\u00bb !<\/strong><\/p>\n<p>La plaquette de <a href=\"http:\/\/www.living-leedh.com\/wp-content\/uploads\/2015\/10\/Axiom_plaquette_4.pdf\" target=\"_blank\">pr\u00e9sentation de l&rsquo;Axiom<\/a> \u00e9tait tr\u00e8s d\u00e9taill\u00e9e techniquement, sans doute l&rsquo;\u0153uvre d&rsquo;un technicien plus que d&rsquo;un marqueteur !<\/p>\n<p>Le prix \u00e9tait de 23 000 Frs ce qui correspondrait \u00e0 plus de 5 000 \u20ac aujourd&rsquo;hui.<\/p>\n<p><a href=\"http:\/\/www.living-leedh.com\/wp-content\/uploads\/2015\/10\/Photo_Axiom_2-2.jpg\"><img loading=\"lazy\" decoding=\"async\" class=\"size-medium wp-image-1913 alignright\" src=\"http:\/\/www.living-leedh.com\/wp-content\/uploads\/2015\/10\/Photo_Axiom_2-2-200x300.jpg\" alt=\"Photo_Axiom_2 (2)\" width=\"200\" height=\"300\" srcset=\"https:\/\/www.living-leedh.com\/wp-content\/uploads\/2015\/10\/Photo_Axiom_2-2-200x300.jpg 200w, https:\/\/www.living-leedh.com\/wp-content\/uploads\/2015\/10\/Photo_Axiom_2-2.jpg 299w\" sizes=\"auto, (max-width: 200px) 100vw, 200px\" \/><\/a>Malgr\u00e9 ses dimensions imposantes\u00a0 (30 x 35 x127 cm) et un poids cons\u00e9quent (un peu plus de 50 kg) son allure \u00e9tait assez fine et moderne dans la lign\u00e9e du mod\u00e8le Elfe.<\/p>\n<p>D&rsquo;apr\u00e8s Gilles Milot une soixantaine de paires ont \u00e9t\u00e9 fabriqu\u00e9es et au moins 2 g\u00e9n\u00e9rations se diff\u00e9renciant par les filtres auraient vu le jour.<\/p>\n<p>Cette enceinte \u00e9tait r\u00e9put\u00e9e claire, transparente voire a\u00e9rienne ce qui n&rsquo;\u00e9tait pas toujours un compliment.<\/p>\n<p>Un peu \u00ab\u00a0discr\u00e8te\u00a0\u00bb dans le grave elle n\u00e9cessitait un ampli assez g\u00e9n\u00e9reux dans cette r\u00e9gion du spectre. A ma connaissance et contrairement aux autres mod\u00e8les de LEEDH elles n&rsquo;ont fait l&rsquo;objet d&rsquo;<em>aucun banc d&rsquo;essai<\/em> dans les revues sp\u00e9cialis\u00e9es.<\/p>\n<p>J&rsquo;ai acquis les miennes en 1992, d&rsquo;occasion chez Pr\u00e9sence R.G. et elles fonctionnent encore aujourd&rsquo;hui comme au premier jour.<\/p>\n<p>&#8212;&#8212;&#8212;&#8212;&#8212;&#8212;&#8212;&#8212;&#8212;&#8212;&#8212;&#8212;&#8212;&#8212;&#8212;&#8212;&#8212;&#8212;&#8212;&#8212;&#8212;-<\/p>\n<p>Vous \u00eates possesseur, utilisateur, collectionneur d&rsquo;un ancien mod\u00e8le ?<\/p>\n<p>Vous pouvez nous apporter des pr\u00e9cisions (dates, \u00e9volutions des mod\u00e8les&#8230;) ?<\/p>\n<p>Merci de nous <span style=\"color: #008000;\"><a style=\"color: #008000;\" title=\"Contact\" href=\"http:\/\/www.living-leedh.com\/?page_id=71\"><u>contacter<\/u><\/a> <\/span>pour alimenter ces rubriques<\/p>\n","protected":false},"excerpt":{"rendered":"<p>Merci \u00e0 Dominique pour sa contribution : Sauf erreur de ma part, la LEEDH Axiom est sortie en 1989 et aurait \u00e9t\u00e9 pr\u00e9sent\u00e9e en avant-premi\u00e8re les 7, 8, 9 et 10 avril 1989 par le magasin Pr\u00e9sence Rive Gauche dans deux h\u00f4tels du Marais. Elle \u00e9tait aliment\u00e9e par des pr\u00e9amplis et amplis \u00e0 tube de &hellip; <a href=\"https:\/\/www.living-leedh.com\/?page_id=1907\" class=\"more-link\">Continuer la lecture de <span class=\"screen-reader-text\">Axiom<\/span>  <span class=\"meta-nav\">&rarr;<\/span><\/a><\/p>\n","protected":false},"author":1,"featured_media":0,"parent":0,"menu_order":0,"comment_status":"closed","ping_status":"closed","template":"","meta":{"_bbp_topic_count":0,"_bbp_reply_count":0,"_bbp_total_topic_count":0,"_bbp_total_reply_count":0,"_bbp_voice_count":0,"_bbp_anonymous_reply_count":0,"_bbp_topic_count_hidden":0,"_bbp_reply_count_hidden":0,"_bbp_forum_subforum_count":0,"footnotes":""},"class_list":["post-1907","page","type-page","status-publish","hentry"],"_links":{"self":[{"href":"https:\/\/www.living-leedh.com\/index.php?rest_route=\/wp\/v2\/pages\/1907","targetHints":{"allow":["GET"]}}],"collection":[{"href":"https:\/\/www.living-leedh.com\/index.php?rest_route=\/wp\/v2\/pages"}],"about":[{"href":"https:\/\/www.living-leedh.com\/index.php?rest_route=\/wp\/v2\/types\/page"}],"author":[{"embeddable":true,"href":"https:\/\/www.living-leedh.com\/index.php?rest_route=\/wp\/v2\/users\/1"}],"replies":[{"embeddable":true,"href":"https:\/\/www.living-leedh.com\/index.php?rest_route=%2Fwp%2Fv2%2Fcomments&post=1907"}],"version-history":[{"count":17,"href":"https:\/\/www.living-leedh.com\/index.php?rest_route=\/wp\/v2\/pages\/1907\/revisions"}],"predecessor-version":[{"id":2179,"href":"https:\/\/www.living-leedh.com\/index.php?rest_route=\/wp\/v2\/pages\/1907\/revisions\/2179"}],"wp:attachment":[{"href":"https:\/\/www.living-leedh.com\/index.php?rest_route=%2Fwp%2Fv2%2Fmedia&parent=1907"}],"curies":[{"name":"wp","href":"https:\/\/api.w.org\/{rel}","templated":true}]}}