{"id":2047,"date":"2015-10-18T08:39:37","date_gmt":"2015-10-18T06:39:37","guid":{"rendered":"http:\/\/www.living-leedh.com\/?page_id=2047"},"modified":"2021-10-22T08:12:09","modified_gmt":"2021-10-22T06:12:09","slug":"aura","status":"publish","type":"page","link":"https:\/\/www.living-leedh.com\/?page_id=2047","title":{"rendered":"Aura"},"content":{"rendered":"<p>AURA I<\/p>\n<p><a href=\"http:\/\/www.living-leedh.com\/wp-content\/uploads\/2015\/10\/Doc-AURA-1-Scandinavie.pdf\" target=\"_blank\" rel=\"noopener\">Doc. AURA 1<\/a> en Scandinavie&#8230;<br \/>\n&#8230; et <a href=\"http:\/\/sm5b.se\/leedh-aura\/\" target=\"_blank\" rel=\"noopener\">pour les polyglottes.<\/a><\/p>\n<p>AURA I sur la\u00a0<a href=\"http:\/\/www.living-leedh.com\/wp-content\/uploads\/2015\/10\/AuraI-NRDS.pdf\" target=\"_blank\" rel=\"noopener\">Nouvelle Revue du Son<\/a><\/p>\n<p><a href=\"http:\/\/www.living-leedh.com\/wp-content\/uploads\/2015\/10\/20.Aura-1-LEEDH.gif\"><img loading=\"lazy\" decoding=\"async\" class=\"size-full wp-image-5080 alignright\" src=\"http:\/\/www.living-leedh.com\/wp-content\/uploads\/2015\/10\/20.Aura-1-LEEDH.gif\" alt=\"20.Aura 1 LEEDH\" width=\"200\" height=\"402\" \/><\/a><\/p>\n<p>&nbsp;<\/p>\n<p>Cette version I avait un Dynaudio D21 comme tweeter, un m\u00e9dium de 13 cm avec une membrane en mat de verre fabriqu\u00e9 par Focal, quatre 13 cm \u00e0 membrane n\u00e9oflex toujours Focal et, pour simuler une charge infinie comme sur la Perspective, un 21 cm Focal interne.<br \/>\nLes cinq 13 cm sont dans le m\u00eame volume.<\/p>\n<p>La caisse est en b\u00e9ton pl\u00e2tre, comme la Th\u00e9or\u00eame qui a inaugur\u00e9 ce type de coffret moul\u00e9. Le c\u00e2blage interne est fait avec du Leedh.<\/p>\n<p>Pour les bricoleurs : <a href=\"http:\/\/www.living-leedh.com\/wp-content\/uploads\/2015\/10\/aura-1-entretoises-et-shemas.pdf\" target=\"_blank\" rel=\"noopener\">entretoises <\/a>et<a href=\"http:\/\/www.living-leedh.com\/wp-content\/uploads\/2015\/10\/aura-1-entretoises-et-shemas.pdf\" target=\"_blank\" rel=\"noopener\"> sch\u00e9mas<\/a><\/p>\n<p><a href=\"http:\/\/www.living-leedh.com\/wp-content\/uploads\/2015\/10\/Aura-1-Cablage-FILTRE-.pdf\" target=\"_blank\" rel=\"noopener\">C\u00e2blage FILTRE<\/a><\/p>\n<p>On en parle aussi sur notre <a href=\"http:\/\/www.living-leedh.com\/?topic=aura-1\">Forum<\/a> !<br \/>\n(10 pages document\u00e9es sur une -tr\u00e8s- grosse r\u00e9novation)<\/p>\n<p>AURA II<\/p>\n<p>Sur la<a href=\"http:\/\/www.living-leedh.com\/wp-content\/uploads\/2015\/10\/Doc_05_4.pdf\" target=\"_blank\" rel=\"noopener\">\u00a0Nouvelle Revue du Son<\/a><br \/>\nBanc d&rsquo;essai <a href=\"http:\/\/www.living-leedh.com\/wp-content\/uploads\/2015\/10\/Banc-dessai-AURA-2-HIFI-STEREO-07-et-08-1985.pdf\" target=\"_blank\" rel=\"noopener\">AURA 2 HIFI STEREO 1985<\/a><\/p>\n<p>Dans l&rsquo;enceinte Aura II, un filtre est en partie positionn\u00e9 \u00e0 l&rsquo;ext\u00e9rieur (\u00e0 ins\u00e9rer entre pr\u00e9ampli et amplis) l&rsquo;autre partie \u00e9tant \u00e0 l&rsquo;int\u00e9rieur (aigu). Il fallait donc utiliser 2 int\u00e9gr\u00e9s\u00a0 st\u00e9r\u00e9o.<\/p>\n<p>La version II n&rsquo;avait plus de haut-parleur \u00e0 l&rsquo;int\u00e9rieur et les quatre boomers ont tous un c\u00f4ne en mat de verre, ils sont tous fabriqu\u00e9s par Focal.<br \/>\nLe tweeter est un Audax \u00e0 membrane conique avec une bobine mobile de faible diam\u00e8tre (10 mm) charg\u00e9e par un pavillon en silicone.<br \/>\nLa charge des 5 haut-parleurs n&rsquo;est pas tout \u00e0 fait une charge bass reflex, malgr\u00e9 l\u2019\u00e9vent en fa\u00e7ade : Celui-ci permet de d\u00e9compresser le volume interne qui est rempli d&rsquo;une quantit\u00e9 importante de dacron.<br \/>\nLa caisse est toujours en b\u00e9ton pl\u00e2tre, avec cette fois, un squelette en barres d&rsquo;acier qui se croisent entre chaque haut-parleur. Toujours du Leedh en c\u00e2blage interne.<\/p>\n<p>AURA III<\/p>\n<p>La trois, effectivement tr\u00e8s rare car abandonn\u00e9e par le constructeur pour aller vers une autre gamme (Psych\u00e9e, Nazca &#8230;) avait des haut-parleurs dont les moteurs \u00e9taient \u00e9normes, avec des plaques de champ tr\u00e8s hautes et des bobines mobiles plus courtes pour un meilleur contr\u00f4le.<br \/>\nLe filtre \u00e9tait dans un bo\u00eetier externe.<br \/>\n<a href=\"https:\/\/www.living-leedh.com\/wp-content\/uploads\/2021\/10\/FiltreAura2-2.jpg\"><img loading=\"lazy\" decoding=\"async\" class=\"size-full wp-image-7146 alignleft\" src=\"https:\/\/www.living-leedh.com\/wp-content\/uploads\/2021\/10\/FiltreAura2-2.jpg\" alt=\"\" width=\"1280\" height=\"720\" srcset=\"https:\/\/www.living-leedh.com\/wp-content\/uploads\/2021\/10\/FiltreAura2-2.jpg 1280w, https:\/\/www.living-leedh.com\/wp-content\/uploads\/2021\/10\/FiltreAura2-2-300x169.jpg 300w, https:\/\/www.living-leedh.com\/wp-content\/uploads\/2021\/10\/FiltreAura2-2-768x432.jpg 768w, https:\/\/www.living-leedh.com\/wp-content\/uploads\/2021\/10\/FiltreAura2-2-1024x576.jpg 1024w, https:\/\/www.living-leedh.com\/wp-content\/uploads\/2021\/10\/FiltreAura2-2-128x72.jpg 128w, https:\/\/www.living-leedh.com\/wp-content\/uploads\/2021\/10\/FiltreAura2-2-400x225.jpg 400w\" sizes=\"auto, (max-width: 1280px) 100vw, 1280px\" \/><\/a> <a href=\"https:\/\/www.living-leedh.com\/wp-content\/uploads\/2021\/10\/FiltreAura2.jpeg\"><img loading=\"lazy\" decoding=\"async\" class=\"size-full wp-image-7145 alignleft\" src=\"https:\/\/www.living-leedh.com\/wp-content\/uploads\/2021\/10\/FiltreAura2.jpeg\" alt=\"\" width=\"2016\" height=\"1512\" srcset=\"https:\/\/www.living-leedh.com\/wp-content\/uploads\/2021\/10\/FiltreAura2.jpeg 2016w, https:\/\/www.living-leedh.com\/wp-content\/uploads\/2021\/10\/FiltreAura2-300x225.jpeg 300w, https:\/\/www.living-leedh.com\/wp-content\/uploads\/2021\/10\/FiltreAura2-768x576.jpeg 768w, https:\/\/www.living-leedh.com\/wp-content\/uploads\/2021\/10\/FiltreAura2-1024x768.jpeg 1024w, https:\/\/www.living-leedh.com\/wp-content\/uploads\/2021\/10\/FiltreAura2-400x300.jpeg 400w\" sizes=\"auto, (max-width: 2016px) 100vw, 2016px\" \/><\/a><\/p>\n<p>En fait, les points communs entre les diff\u00e9rentes versions sont la forme de la caisse, le filtre qui \u00e0 toujours \u00e9t\u00e9 le plus simple possible et le g\u00e9nie de Gilles Milot pour la mise au point.<\/p>\n<p><em>sources :<a href=\"http:\/\/ls3-5a-forum.com\/phpBB3\/viewtopic.php?f=7&amp;t=8182\" target=\"_blank\" rel=\"noopener\"> weckenmann <\/a>sur le forum ls3\/5a et <\/em><em>St\u00e9phane D. pour les documents<br \/>\n<\/em><\/p>\n<p>&#8212;&#8212;&#8212;&#8212;&#8212;&#8212;&#8212;&#8212;&#8212;&#8212;&#8212;&#8212;&#8212;&#8212;&#8212;&#8212;&#8212;&#8212;&#8212;&#8212;&#8212;-<\/p>\n<p>Vous \u00eates possesseur, utilisateur, collectionneur d&rsquo;un ancien mod\u00e8le ?<\/p>\n<p>Vous pouvez nous apporter des pr\u00e9cisions (dates, \u00e9volutions des mod\u00e8les&#8230;) ?<\/p>\n<p>Merci de nous <span style=\"color: #008000;\"><a style=\"color: #008000;\" title=\"Contact\" href=\"http:\/\/www.living-leedh.com\/?page_id=71\"><u>contacter<\/u><\/a> <\/span>pour alimenter ces rubriques<\/p>\n<div><img \/><\/div>\n","protected":false},"excerpt":{"rendered":"<p>AURA I Doc. AURA 1 en Scandinavie&#8230; &#8230; et pour les polyglottes. AURA I sur la\u00a0Nouvelle Revue du Son &nbsp; Cette version I avait un Dynaudio D21 comme tweeter, un m\u00e9dium de 13 cm avec une membrane en mat de verre fabriqu\u00e9 par Focal, quatre 13 cm \u00e0 membrane n\u00e9oflex toujours Focal et, pour simuler &hellip; <a href=\"https:\/\/www.living-leedh.com\/?page_id=2047\" class=\"more-link\">Continuer la lecture de <span class=\"screen-reader-text\">Aura<\/span>  <span class=\"meta-nav\">&rarr;<\/span><\/a><\/p>\n","protected":false},"author":1,"featured_media":0,"parent":0,"menu_order":0,"comment_status":"closed","ping_status":"closed","template":"","meta":{"_bbp_topic_count":0,"_bbp_reply_count":0,"_bbp_total_topic_count":0,"_bbp_total_reply_count":0,"_bbp_voice_count":0,"_bbp_anonymous_reply_count":0,"_bbp_topic_count_hidden":0,"_bbp_reply_count_hidden":0,"_bbp_forum_subforum_count":0,"footnotes":""},"class_list":["post-2047","page","type-page","status-publish","hentry"],"_links":{"self":[{"href":"https:\/\/www.living-leedh.com\/index.php?rest_route=\/wp\/v2\/pages\/2047","targetHints":{"allow":["GET"]}}],"collection":[{"href":"https:\/\/www.living-leedh.com\/index.php?rest_route=\/wp\/v2\/pages"}],"about":[{"href":"https:\/\/www.living-leedh.com\/index.php?rest_route=\/wp\/v2\/types\/page"}],"author":[{"embeddable":true,"href":"https:\/\/www.living-leedh.com\/index.php?rest_route=\/wp\/v2\/users\/1"}],"replies":[{"embeddable":true,"href":"https:\/\/www.living-leedh.com\/index.php?rest_route=%2Fwp%2Fv2%2Fcomments&post=2047"}],"version-history":[{"count":39,"href":"https:\/\/www.living-leedh.com\/index.php?rest_route=\/wp\/v2\/pages\/2047\/revisions"}],"predecessor-version":[{"id":7147,"href":"https:\/\/www.living-leedh.com\/index.php?rest_route=\/wp\/v2\/pages\/2047\/revisions\/7147"}],"wp:attachment":[{"href":"https:\/\/www.living-leedh.com\/index.php?rest_route=%2Fwp%2Fv2%2Fmedia&parent=2047"}],"curies":[{"name":"wp","href":"https:\/\/api.w.org\/{rel}","templated":true}]}}