{"id":2884,"date":"2016-01-09T23:26:38","date_gmt":"2016-01-09T22:26:38","guid":{"rendered":"http:\/\/www.living-leedh.com\/?page_id=2884"},"modified":"2017-09-28T11:08:01","modified_gmt":"2017-09-28T09:08:01","slug":"theoreme","status":"publish","type":"page","link":"https:\/\/www.living-leedh.com\/?page_id=2884","title":{"rendered":"Th\u00e9or\u00e8me"},"content":{"rendered":"<p><strong>1984 : <\/strong>Version II<\/p>\n<p><a href=\"http:\/\/www.living-leedh.com\/wp-content\/uploads\/2016\/01\/PICT5887.jpg\"><img loading=\"lazy\" decoding=\"async\" class=\"size-medium wp-image-2904 aligncenter\" src=\"http:\/\/www.living-leedh.com\/wp-content\/uploads\/2016\/01\/PICT5887-225x300.jpg\" alt=\"KONICA MINOLTA DIGITAL CAMERA\" width=\"225\" height=\"300\" srcset=\"https:\/\/www.living-leedh.com\/wp-content\/uploads\/2016\/01\/PICT5887-225x300.jpg 225w, https:\/\/www.living-leedh.com\/wp-content\/uploads\/2016\/01\/PICT5887-400x533.jpg 400w, https:\/\/www.living-leedh.com\/wp-content\/uploads\/2016\/01\/PICT5887.jpg 450w\" sizes=\"auto, (max-width: 225px) 100vw, 225px\" \/><\/a><\/p>\n<p><strong>Plaquette commerciale<\/strong><a href=\"http:\/\/www.living-leedh.com\/wp-content\/uploads\/2016\/01\/plaquette_commerciale_theoreme.pdf\" target=\"_blank\" rel=\"noopener\"> Th\u00e9or\u00e8me<br \/>\n<\/a><strong>Le manuel de l&rsquo;utilisateur<\/strong> <a href=\"http:\/\/www.living-leedh.com\/wp-content\/uploads\/2016\/01\/Th\u00e9or\u00e8me.pdf\" target=\"_blank\" rel=\"noopener\">Th\u00e9or\u00e8me<br \/>\n<\/a><\/p>\n<p><a href=\"http:\/\/www.living-leedh.com\/wp-content\/uploads\/2016\/01\/LeedhThoreme2_4b.pdf\" target=\"_blank\" rel=\"noopener\"><img loading=\"lazy\" decoding=\"async\" class=\"alignnone wp-image-2900 size-medium\" src=\"http:\/\/www.living-leedh.com\/wp-content\/uploads\/2016\/01\/HiFiStereo-300x231.png\" alt=\"HiFiStereo\" width=\"300\" height=\"231\" srcset=\"https:\/\/www.living-leedh.com\/wp-content\/uploads\/2016\/01\/HiFiStereo-300x231.png 300w, https:\/\/www.living-leedh.com\/wp-content\/uploads\/2016\/01\/HiFiStereo.png 327w\" sizes=\"auto, (max-width: 300px) 100vw, 300px\" \/><\/a>paru en <a href=\"http:\/\/www.living-leedh.com\/wp-content\/uploads\/2016\/01\/LeedhThoreme2_4b.pdf\" target=\"_blank\" rel=\"noopener\">mai 1984<\/a><\/p>\n<p>Encore un HP au<a href=\"https:\/\/fr.wikipedia.org\/wiki\/Gomme-laque\" target=\"_blank\" rel=\"noopener\"> \u00ab\u00a0miellat de cochenille\u00a0\u00bb.<\/a><\/p>\n<p>Gilles Milot, interrog\u00e9 \u00e0 ce sujet, a r\u00e9pondu, un petit sourire en coin : \u00ab\u00a0si vous vous saviez tout ce que j&rsquo;ai essay\u00e9 &#8230;\u00a0\u00bb. Et le voil\u00e0, sans plus de d\u00e9tails, en train d&rsquo;\u00e9voquer la colle de nouilles &#8230;<\/p>\n<p>Plus d&rsquo;info sur le <a href=\"http:\/\/www.ls3-5a-forum.com\/phpBB3\/viewtopic.php?p=204131\" target=\"_blank\" rel=\"noopener\">forum ls3-5a <\/a>et <a href=\"http:\/\/www.audiovintage.fr\/leforum\/viewtopic.php?f=20&amp;t=12432\" target=\"_blank\" rel=\"noopener\">audiovintage<\/a><\/p>\n<p><em>Merci \u00e0 Cyrille et Thomas pour leur contribution<\/em><\/p>\n","protected":false},"excerpt":{"rendered":"<p>1984 : Version II Plaquette commerciale Th\u00e9or\u00e8me Le manuel de l&rsquo;utilisateur Th\u00e9or\u00e8me paru en mai 1984 Encore un HP au \u00ab\u00a0miellat de cochenille\u00a0\u00bb. Gilles Milot, interrog\u00e9 \u00e0 ce sujet, a r\u00e9pondu, un petit sourire en coin : \u00ab\u00a0si vous vous saviez tout ce que j&rsquo;ai essay\u00e9 &#8230;\u00a0\u00bb. Et le voil\u00e0, sans plus de d\u00e9tails, en &hellip; <a href=\"https:\/\/www.living-leedh.com\/?page_id=2884\" class=\"more-link\">Continuer la lecture de <span class=\"screen-reader-text\">Th\u00e9or\u00e8me<\/span>  <span class=\"meta-nav\">&rarr;<\/span><\/a><\/p>\n","protected":false},"author":1,"featured_media":0,"parent":0,"menu_order":0,"comment_status":"closed","ping_status":"closed","template":"","meta":{"_bbp_topic_count":0,"_bbp_reply_count":0,"_bbp_total_topic_count":0,"_bbp_total_reply_count":0,"_bbp_voice_count":0,"_bbp_anonymous_reply_count":0,"_bbp_topic_count_hidden":0,"_bbp_reply_count_hidden":0,"_bbp_forum_subforum_count":0,"footnotes":""},"class_list":["post-2884","page","type-page","status-publish","hentry"],"_links":{"self":[{"href":"https:\/\/www.living-leedh.com\/index.php?rest_route=\/wp\/v2\/pages\/2884","targetHints":{"allow":["GET"]}}],"collection":[{"href":"https:\/\/www.living-leedh.com\/index.php?rest_route=\/wp\/v2\/pages"}],"about":[{"href":"https:\/\/www.living-leedh.com\/index.php?rest_route=\/wp\/v2\/types\/page"}],"author":[{"embeddable":true,"href":"https:\/\/www.living-leedh.com\/index.php?rest_route=\/wp\/v2\/users\/1"}],"replies":[{"embeddable":true,"href":"https:\/\/www.living-leedh.com\/index.php?rest_route=%2Fwp%2Fv2%2Fcomments&post=2884"}],"version-history":[{"count":24,"href":"https:\/\/www.living-leedh.com\/index.php?rest_route=\/wp\/v2\/pages\/2884\/revisions"}],"predecessor-version":[{"id":5621,"href":"https:\/\/www.living-leedh.com\/index.php?rest_route=\/wp\/v2\/pages\/2884\/revisions\/5621"}],"wp:attachment":[{"href":"https:\/\/www.living-leedh.com\/index.php?rest_route=%2Fwp%2Fv2%2Fmedia&parent=2884"}],"curies":[{"name":"wp","href":"https:\/\/api.w.org\/{rel}","templated":true}]}}