{"id":4158,"date":"2016-07-25T22:03:29","date_gmt":"2016-07-25T20:03:29","guid":{"rendered":"http:\/\/www.living-leedh.com\/?page_id=4158"},"modified":"2017-03-20T06:21:41","modified_gmt":"2017-03-20T05:21:41","slug":"de-m-a-z","status":"publish","type":"page","link":"https:\/\/www.living-leedh.com\/?page_id=4158","title":{"rendered":"De M\u00e9lomane34 \u00e0 Z\u00e9rode"},"content":{"rendered":"<p><a href=\"http:\/\/www.living-leedh.com\/?page_id=88\">M\u00e9lomane34<\/a><\/p>\n<p><a href=\"http:\/\/www.living-leedh.com\/?page_id=5165\">Patatorz<\/a><\/p>\n<p><a href=\"http:\/\/www.living-leedh.com\/?page_id=692\">Patcam<\/a><\/p>\n<p><a href=\"http:\/\/www.living-leedh.com\/?page_id=3979\">XdR<\/a><\/p>\n<p><a href=\"http:\/\/www.living-leedh.com\/?page_id=2954\">Zerode<\/a><\/p>\n","protected":false},"excerpt":{"rendered":"<p>M\u00e9lomane34 Patatorz Patcam XdR Zerode<\/p>\n","protected":false},"author":1,"featured_media":0,"parent":0,"menu_order":0,"comment_status":"closed","ping_status":"closed","template":"","meta":{"_bbp_topic_count":0,"_bbp_reply_count":0,"_bbp_total_topic_count":0,"_bbp_total_reply_count":0,"_bbp_voice_count":0,"_bbp_anonymous_reply_count":0,"_bbp_topic_count_hidden":0,"_bbp_reply_count_hidden":0,"_bbp_forum_subforum_count":0,"footnotes":""},"class_list":["post-4158","page","type-page","status-publish","hentry"],"_links":{"self":[{"href":"https:\/\/www.living-leedh.com\/index.php?rest_route=\/wp\/v2\/pages\/4158","targetHints":{"allow":["GET"]}}],"collection":[{"href":"https:\/\/www.living-leedh.com\/index.php?rest_route=\/wp\/v2\/pages"}],"about":[{"href":"https:\/\/www.living-leedh.com\/index.php?rest_route=\/wp\/v2\/types\/page"}],"author":[{"embeddable":true,"href":"https:\/\/www.living-leedh.com\/index.php?rest_route=\/wp\/v2\/users\/1"}],"replies":[{"embeddable":true,"href":"https:\/\/www.living-leedh.com\/index.php?rest_route=%2Fwp%2Fv2%2Fcomments&post=4158"}],"version-history":[{"count":4,"href":"https:\/\/www.living-leedh.com\/index.php?rest_route=\/wp\/v2\/pages\/4158\/revisions"}],"predecessor-version":[{"id":5174,"href":"https:\/\/www.living-leedh.com\/index.php?rest_route=\/wp\/v2\/pages\/4158\/revisions\/5174"}],"wp:attachment":[{"href":"https:\/\/www.living-leedh.com\/index.php?rest_route=%2Fwp%2Fv2%2Fmedia&parent=4158"}],"curies":[{"name":"wp","href":"https:\/\/api.w.org\/{rel}","templated":true}]}}