{"id":4950,"date":"2016-12-16T14:21:26","date_gmt":"2016-12-16T13:21:26","guid":{"rendered":"http:\/\/www.living-leedh.com\/?page_id=4950"},"modified":"2016-12-17T09:18:21","modified_gmt":"2016-12-17T08:18:21","slug":"je-suis-en-phase","status":"publish","type":"page","link":"https:\/\/www.living-leedh.com\/?page_id=4950","title":{"rendered":"Je suis en phase"},"content":{"rendered":"<p><strong>Le secteur<\/strong> est compos\u00e9 de la TERRE,\u00a0du NEUTRE et de la PHASE.<br \/>\nLe 220-240v est entre la phase (rouge ou marron)\u00a0et le neutre (bleu), ou la terre (jaune\/vert)&#8230; Mais <span style=\"text-decoration: underline;\">il ne faut pas utiliser la terre<\/span> pour cr\u00e9er la diff\u00e9rence de potentiel !<a href=\"http:\/\/www.living-leedh.com\/wp-content\/uploads\/2016\/12\/schema_electrique_prise_de_courant_spc.jpg\"><img loading=\"lazy\" decoding=\"async\" class=\"alignnone size-full wp-image-4953\" src=\"http:\/\/www.living-leedh.com\/wp-content\/uploads\/2016\/12\/schema_electrique_prise_de_courant_spc.jpg\" alt=\"schema_electrique_prise_de_courant_spc\" width=\"633\" height=\"286\" srcset=\"https:\/\/www.living-leedh.com\/wp-content\/uploads\/2016\/12\/schema_electrique_prise_de_courant_spc.jpg 633w, https:\/\/www.living-leedh.com\/wp-content\/uploads\/2016\/12\/schema_electrique_prise_de_courant_spc-300x136.jpg 300w, https:\/\/www.living-leedh.com\/wp-content\/uploads\/2016\/12\/schema_electrique_prise_de_courant_spc-400x181.jpg 400w\" sizes=\"auto, (max-width: 633px) 100vw, 633px\" \/><\/a><br \/>\nEntre\u00a0NEUTRE et TERRE, la diff\u00e9rence de potentiel est de 0v&#8230;. Si non, il y a un probl\u00e8me&#8230; D\u00e9brancher alors un \u00e0 un vos appareils de la maison pour connaitre celui qui est en d\u00e9faut !<\/p>\n<p>Normalement, la phase est \u00e0 droite mais il est fr\u00e9quent que neutre et phase soient invers\u00e9s par rapport \u00e0 ce qu&rsquo;attendent nos \u00e9quipements (installation non norm\u00e9e, prise ou barrette secteur invers\u00e9es).<\/p>\n<p><strong>Afin de mettre ses appareils en phase au secteur<\/strong>, la base est d&rsquo;utiliser des prises SCHUKO (Type F)\u00a0: <img loading=\"lazy\" decoding=\"async\" class=\"alignnone size-full wp-image-4952\" src=\"http:\/\/www.living-leedh.com\/wp-content\/uploads\/2016\/12\/compatibilite-prises-schuko-type-E.jpg\" alt=\"compatibilite-prises-schuko-type-e\" width=\"663\" height=\"324\" srcset=\"https:\/\/www.living-leedh.com\/wp-content\/uploads\/2016\/12\/compatibilite-prises-schuko-type-E.jpg 663w, https:\/\/www.living-leedh.com\/wp-content\/uploads\/2016\/12\/compatibilite-prises-schuko-type-E-300x147.jpg 300w, https:\/\/www.living-leedh.com\/wp-content\/uploads\/2016\/12\/compatibilite-prises-schuko-type-E-400x195.jpg 400w\" sizes=\"auto, (max-width: 663px) 100vw, 663px\" \/>Il est ainsi possible de retourner la prise male alimentant l&rsquo;appareil, la tige TERRE \u00e9tant remplac\u00e9e par 2 barrettes.<\/p>\n<p>L&rsquo;outil de base pour d\u00e9tecter l&rsquo;arriv\u00e9e secteur est le simple tournevis-testeur, qui va s&rsquo;\u00e9clairer sur la phase.<img loading=\"lazy\" decoding=\"async\" class=\"alignnone size-full wp-image-4956\" src=\"http:\/\/www.living-leedh.com\/wp-content\/uploads\/2016\/12\/tournevis_testeur.jpg\" alt=\"tournevis_testeur\" width=\"764\" height=\"206\" srcset=\"https:\/\/www.living-leedh.com\/wp-content\/uploads\/2016\/12\/tournevis_testeur.jpg 764w, https:\/\/www.living-leedh.com\/wp-content\/uploads\/2016\/12\/tournevis_testeur-300x81.jpg 300w, https:\/\/www.living-leedh.com\/wp-content\/uploads\/2016\/12\/tournevis_testeur-400x108.jpg 400w\" sizes=\"auto, (max-width: 764px) 100vw, 764px\" \/><\/p>\n<p style=\"text-align: right;\"><a href=\"http:\/\/www.living-leedh.com\/wp-content\/uploads\/2016\/12\/c_a-751.jpg\"><img loading=\"lazy\" decoding=\"async\" class=\"wp-image-4957 alignright\" src=\"http:\/\/www.living-leedh.com\/wp-content\/uploads\/2016\/12\/c_a-751.jpg\" alt=\"c_a-751\" width=\"332\" height=\"418\" srcset=\"https:\/\/www.living-leedh.com\/wp-content\/uploads\/2016\/12\/c_a-751.jpg 431w, https:\/\/www.living-leedh.com\/wp-content\/uploads\/2016\/12\/c_a-751-239x300.jpg 239w, https:\/\/www.living-leedh.com\/wp-content\/uploads\/2016\/12\/c_a-751-400x503.jpg 400w\" sizes=\"auto, (max-width: 332px) 100vw, 332px\" \/><\/a>Mais sur les prises \u00e0 \u00e9clipses (s\u00e9curit\u00e9 enfant), il n&rsquo;est pas toujours simple \u00e0 introduire. Je pr\u00e9f\u00e8re donc utiliser cet accessoire <span style=\"text-decoration: underline;\">Chauvin-Arnoux<\/span> (CA751).<\/p>\n<p>&nbsp;<\/p>\n<p>&nbsp;<\/p>\n<p>&nbsp;<\/p>\n<p>&nbsp;<\/p>\n<p><strong>C\u00f4t\u00e9 appareil<\/strong>, la norme est celle ci :<img loading=\"lazy\" decoding=\"async\" class=\"alignnone size-full wp-image-4954\" src=\"http:\/\/www.living-leedh.com\/wp-content\/uploads\/2016\/12\/PhaseIEC.png\" alt=\"phaseiec\" width=\"492\" height=\"326\" srcset=\"https:\/\/www.living-leedh.com\/wp-content\/uploads\/2016\/12\/PhaseIEC.png 492w, https:\/\/www.living-leedh.com\/wp-content\/uploads\/2016\/12\/PhaseIEC-300x199.png 300w, https:\/\/www.living-leedh.com\/wp-content\/uploads\/2016\/12\/PhaseIEC-400x265.png 400w\" sizes=\"auto, (max-width: 492px) 100vw, 492px\" \/><\/p>\n<p style=\"text-align: left;\"><img loading=\"lazy\" decoding=\"async\" class=\" wp-image-4960 alignright\" src=\"http:\/\/www.living-leedh.com\/wp-content\/uploads\/2016\/12\/bloc-secteur-fixe.jpg\" alt=\"bloc-secteur-fixe\" width=\"153\" height=\"236\" srcset=\"https:\/\/www.living-leedh.com\/wp-content\/uploads\/2016\/12\/bloc-secteur-fixe.jpg 285w, https:\/\/www.living-leedh.com\/wp-content\/uploads\/2016\/12\/bloc-secteur-fixe-195x300.jpg 195w\" sizes=\"auto, (max-width: 153px) 100vw, 153px\" \/>Mais&#8230;<\/p>\n<p style=\"text-align: right;\">il arrive que certains constructeurs ne respectent pas cette norme, ou d&rsquo;avoir une alimentation sans terre, un\u00a0cordon fixe,\u00a0ou bien\u00a0un bloc secteur tel que :<\/p>\n<p style=\"text-align: left;\">Comment alors d\u00e9terminer le plot o\u00f9 l&rsquo;appareil attend la phase ?<\/p>\n<p style=\"text-align: left;\">La m\u00e9thode pratiqu\u00e9e est souvent celle de <a href=\"http:\/\/www.hifi-cables.fr\/PDF\/Secteur_et_hifi.pdf\" target=\"_blank\">Mr J-C. Tornior <\/a>. On termine \u00e0 4 pattes, doc sur les genoux, voltm\u00e8tre \u00e0 la main&#8230; Op\u00e9ration commando !<\/p>\n<p style=\"text-align: left;\">Plus simple, l&rsquo;appareil suivant va permettre de d\u00e9terminer le sens de la prise venant de l&rsquo;\u00e9quipement (position \u00e9teint\u00a0lors du test), ou du bloc secteur (\u00e0 d\u00e9connecter de l&rsquo;\u00e9quipement lors du test) pour respecter la mise en phase.<\/p>\n<p style=\"text-align: left;\"><a href=\"http:\/\/www.living-leedh.com\/wp-content\/uploads\/2016\/12\/phaser.jpg\"><img loading=\"lazy\" decoding=\"async\" class=\"size-full wp-image-4962 aligncenter\" src=\"http:\/\/www.living-leedh.com\/wp-content\/uploads\/2016\/12\/phaser.jpg\" alt=\"phaser\" width=\"416\" height=\"398\" srcset=\"https:\/\/www.living-leedh.com\/wp-content\/uploads\/2016\/12\/phaser.jpg 416w, https:\/\/www.living-leedh.com\/wp-content\/uploads\/2016\/12\/phaser-300x287.jpg 300w, https:\/\/www.living-leedh.com\/wp-content\/uploads\/2016\/12\/phaser-400x383.jpg 400w\" sizes=\"auto, (max-width: 416px) 100vw, 416px\" \/><\/a><\/p>\n<p style=\"text-align: center;\"><span style=\"text-decoration: underline;\">Oehlbach Phaser<\/span> \u00ab\u00a0testeur de polarit\u00e9\u00a0\u00bb.<\/p>\n<p style=\"text-align: left;\">Il suffit d&rsquo;y brancher la prise ou le bloc secteur. Une LED va indiquer le c\u00f4t\u00e9 o\u00f9 la phase doit arriver, puis on inverse pour confirmer : Voir\u00a0en\u00a0d\u00e9tail <a href=\"http:\/\/www.hdfever.fr\/2013\/04\/04\/oehlbach-phaser\/\" target=\"_blank\">l\u00e0<\/a>.<\/p>\n<p style=\"text-align: left;\">Ainsi, vous savez connecter vos \u00e9quipements en respectant leur phase \u00e9lectrique. A l&rsquo;\u00e9coute, selon le mat\u00e9riel et sa sensibilit\u00e9, on notera moins de crispation, une plus grande s\u00e9r\u00e9nit\u00e9.<\/p>\n<p style=\"text-align: right;\"><em>Ici, bient\u00f4t, les autres astuces des contributeurs du Club\u2026<\/em> <em>\u00c7a c\u2019est \u00a0<\/em><a href=\"http:\/\/www.living-leedh.com\/?page_id=17\"><em><img loading=\"lazy\" decoding=\"async\" class=\"alignnone wp-image-1191\" src=\"http:\/\/www.living-leedh.com\/wp-content\/uploads\/2015\/05\/LivingClubSign.jpg\" alt=\"LivingClubSign\" width=\"82\" height=\"31\" \/><\/em><\/a><em>\u00a0!<\/em><\/p>\n","protected":false},"excerpt":{"rendered":"<p>Le secteur est compos\u00e9 de la TERRE,\u00a0du NEUTRE et de la PHASE. Le 220-240v est entre la phase (rouge ou marron)\u00a0et le neutre (bleu), ou la terre (jaune\/vert)&#8230; Mais il ne faut pas utiliser la terre pour cr\u00e9er la diff\u00e9rence de potentiel ! Entre\u00a0NEUTRE et TERRE, la diff\u00e9rence de potentiel est de 0v&#8230;. Si non, &hellip; <a href=\"https:\/\/www.living-leedh.com\/?page_id=4950\" class=\"more-link\">Continuer la lecture de <span class=\"screen-reader-text\">Je suis en phase<\/span>  <span class=\"meta-nav\">&rarr;<\/span><\/a><\/p>\n","protected":false},"author":1,"featured_media":0,"parent":0,"menu_order":0,"comment_status":"open","ping_status":"closed","template":"","meta":{"_bbp_topic_count":0,"_bbp_reply_count":0,"_bbp_total_topic_count":0,"_bbp_total_reply_count":0,"_bbp_voice_count":0,"_bbp_anonymous_reply_count":0,"_bbp_topic_count_hidden":0,"_bbp_reply_count_hidden":0,"_bbp_forum_subforum_count":0,"footnotes":""},"class_list":["post-4950","page","type-page","status-publish","hentry"],"_links":{"self":[{"href":"https:\/\/www.living-leedh.com\/index.php?rest_route=\/wp\/v2\/pages\/4950","targetHints":{"allow":["GET"]}}],"collection":[{"href":"https:\/\/www.living-leedh.com\/index.php?rest_route=\/wp\/v2\/pages"}],"about":[{"href":"https:\/\/www.living-leedh.com\/index.php?rest_route=\/wp\/v2\/types\/page"}],"author":[{"embeddable":true,"href":"https:\/\/www.living-leedh.com\/index.php?rest_route=\/wp\/v2\/users\/1"}],"replies":[{"embeddable":true,"href":"https:\/\/www.living-leedh.com\/index.php?rest_route=%2Fwp%2Fv2%2Fcomments&post=4950"}],"version-history":[{"count":21,"href":"https:\/\/www.living-leedh.com\/index.php?rest_route=\/wp\/v2\/pages\/4950\/revisions"}],"predecessor-version":[{"id":4985,"href":"https:\/\/www.living-leedh.com\/index.php?rest_route=\/wp\/v2\/pages\/4950\/revisions\/4985"}],"wp:attachment":[{"href":"https:\/\/www.living-leedh.com\/index.php?rest_route=%2Fwp%2Fv2%2Fmedia&parent=4950"}],"curies":[{"name":"wp","href":"https:\/\/api.w.org\/{rel}","templated":true}]}}