{"id":6114,"date":"2018-06-26T11:25:39","date_gmt":"2018-06-26T09:25:39","guid":{"rendered":"http:\/\/www.living-leedh.com\/?page_id=6114"},"modified":"2022-04-04T15:55:08","modified_gmt":"2022-04-04T13:55:08","slug":"piano","status":"publish","type":"page","link":"https:\/\/www.living-leedh.com\/?page_id=6114","title":{"rendered":"Piano"},"content":{"rendered":"<h5><strong>Une tr\u00e8s belle installation en r\u00e9gion parisienne.<\/strong><\/h5>\n<p>L&rsquo;auditorium est une salle d\u00e9di\u00e9e de 5.35m(l) x 7.8m(L) x 3.5m(H).<br \/>\nPas de traitement acoustique.<br \/>\nParquet, tapis, boiserie toute hauteur avec panneaux de velours tendu.<\/p>\n<p>Les enceintes sont espac\u00e9es de 3.6m, \u00e0 0.87m des murs lat\u00e9raux, et \u00e0 1.45m du mur arri\u00e8re.<br \/>\nLes caissons sont espac\u00e9s de 4m et avancent de 0.43m par rapport aux enceintes.<\/p>\n<p>Le point d&rsquo;\u00e9coute est situ\u00e9 exactement sur la pointe du triangle \u00e9quilat\u00e9ral de 3.6m (mesur\u00e9 en constat d&rsquo;\u00e9coute, ce n&rsquo;est pas \u00ab\u00a0impos\u00e9\u00a0\u00bb \u00e0 priori).<\/p>\n<p><a href=\"http:\/\/www.living-leedh.com\/wp-content\/uploads\/2018\/06\/Piano1w.jpg\"><img loading=\"lazy\" decoding=\"async\" class=\"wp-image-6141 size-full alignright\" src=\"http:\/\/www.living-leedh.com\/wp-content\/uploads\/2018\/06\/Piano1w.jpg\" alt=\"\" width=\"1024\" height=\"578\" srcset=\"https:\/\/www.living-leedh.com\/wp-content\/uploads\/2018\/06\/Piano1w.jpg 1024w, https:\/\/www.living-leedh.com\/wp-content\/uploads\/2018\/06\/Piano1w-300x169.jpg 300w, https:\/\/www.living-leedh.com\/wp-content\/uploads\/2018\/06\/Piano1w-768x434.jpg 768w, https:\/\/www.living-leedh.com\/wp-content\/uploads\/2018\/06\/Piano1w-128x72.jpg 128w, https:\/\/www.living-leedh.com\/wp-content\/uploads\/2018\/06\/Piano1w-400x226.jpg 400w\" sizes=\"auto, (max-width: 1024px) 100vw, 1024px\" \/><\/a><\/p>\n<p>Meuble en pierre calcaire coquill\u00e9e tr\u00e8s tendre<br \/>\nD\u00e9couplages par <a href=\"https:\/\/www.dagogo.com\/finite-elemente-cerabase-classic-reference-audio-footer-review\/\" target=\"_blank\" rel=\"noopener\">Cerabase Classic<\/a> et syst\u00e8mes de billes non visibles sur la photo.<br \/>\n<strong>Source<\/strong> CD lecteur <a href=\"http:\/\/www.msbtechnology.com\/\" target=\"_blank\" rel=\"noopener\">MSB Data IV<\/a><br \/>\n<strong>Source<\/strong> d\u00e9mat&rsquo; <a href=\"https:\/\/www.3d-lab-av.com\/\" target=\"_blank\" rel=\"noopener\">3Dlab nano signature<\/a> + Nas <a href=\"https:\/\/www.synology.com\/fr-fr\" target=\"_blank\" rel=\"noopener\">Synology<\/a><br \/>\n<strong>Pr\u00e9ampli <\/strong><a href=\"http:\/\/www.6moons.com\/audioreviews2\/goldmund5\/2.html\" target=\"_blank\" rel=\"noopener\">Goldmund Metis 10<\/a><br \/>\nDeux <strong>convertisseurs<\/strong> <a href=\"https:\/\/www.weiss.ch\/products\/dac202\" target=\"_blank\" rel=\"noopener\">Weiss Dac 202<\/a> (alims modifi\u00e9es maison), un pour les Glass et un pour les caissons.<br \/>\nLe lecteur CD, le pr\u00e9ampli et les 2 convertisseurs sont lest\u00e9s par des plaques de plomb de 3,5Kg.<br \/>\nLe 3Dlab et le NAS ne sont pas encore optimis\u00e9s&#8230; \u00e0 suivre !<\/p>\n<p><a href=\"http:\/\/www.living-leedh.com\/wp-content\/uploads\/2018\/06\/Piano2w.jpg\"><img loading=\"lazy\" decoding=\"async\" class=\"wp-image-6140 size-full alignright\" src=\"http:\/\/www.living-leedh.com\/wp-content\/uploads\/2018\/06\/Piano2w.jpg\" alt=\"\" width=\"1024\" height=\"578\" srcset=\"https:\/\/www.living-leedh.com\/wp-content\/uploads\/2018\/06\/Piano2w.jpg 1024w, https:\/\/www.living-leedh.com\/wp-content\/uploads\/2018\/06\/Piano2w-300x169.jpg 300w, https:\/\/www.living-leedh.com\/wp-content\/uploads\/2018\/06\/Piano2w-768x434.jpg 768w, https:\/\/www.living-leedh.com\/wp-content\/uploads\/2018\/06\/Piano2w-128x72.jpg 128w, https:\/\/www.living-leedh.com\/wp-content\/uploads\/2018\/06\/Piano2w-400x226.jpg 400w\" sizes=\"auto, (max-width: 1024px) 100vw, 1024px\" \/><\/a><\/p>\n<p>Une paire de <strong>blocs mono<\/strong> <a href=\"https:\/\/www.stereophile.com\/content\/avm-ovation-ma82-monoblock-power-amplifier\" target=\"_blank\" rel=\"noopener\">AVM Ovation MA8.2<\/a><br \/>\nPierre et d\u00e9couplage Cerabase classic.<\/p>\n<p><a href=\"http:\/\/www.living-leedh.com\/wp-content\/uploads\/2018\/06\/Piano3w.jpg\"><img loading=\"lazy\" decoding=\"async\" class=\"size-full wp-image-6139 alignright\" src=\"http:\/\/www.living-leedh.com\/wp-content\/uploads\/2018\/06\/Piano3w.jpg\" alt=\"\" width=\"578\" height=\"1024\" srcset=\"https:\/\/www.living-leedh.com\/wp-content\/uploads\/2018\/06\/Piano3w.jpg 578w, https:\/\/www.living-leedh.com\/wp-content\/uploads\/2018\/06\/Piano3w-169x300.jpg 169w, https:\/\/www.living-leedh.com\/wp-content\/uploads\/2018\/06\/Piano3w-339x600.jpg 339w\" sizes=\"auto, (max-width: 578px) 100vw, 578px\" \/><\/a><br \/>\nUne paire de caissons fabrication et mise au point maison.<\/p>\n<p><a href=\"http:\/\/www.living-leedh.com\/wp-content\/uploads\/2018\/06\/Piano4w.jpg\"><img loading=\"lazy\" decoding=\"async\" class=\"size-full wp-image-6138 alignright\" src=\"http:\/\/www.living-leedh.com\/wp-content\/uploads\/2018\/06\/Piano4w.jpg\" alt=\"\" width=\"1024\" height=\"578\" srcset=\"https:\/\/www.living-leedh.com\/wp-content\/uploads\/2018\/06\/Piano4w.jpg 1024w, https:\/\/www.living-leedh.com\/wp-content\/uploads\/2018\/06\/Piano4w-300x169.jpg 300w, https:\/\/www.living-leedh.com\/wp-content\/uploads\/2018\/06\/Piano4w-768x434.jpg 768w, https:\/\/www.living-leedh.com\/wp-content\/uploads\/2018\/06\/Piano4w-128x72.jpg 128w, https:\/\/www.living-leedh.com\/wp-content\/uploads\/2018\/06\/Piano4w-400x226.jpg 400w\" sizes=\"auto, (max-width: 1024px) 100vw, 1024px\" \/><\/a><br \/>\n<strong>Alimentation secteur :<\/strong><br \/>\nUn c\u00e2ble triphas\u00e9 6mm\u00b2 direct disjoncteur g\u00e9n\u00e9ral alimente la puissance.<br \/>\nUn autre c\u00e2ble 4mm\u00b2 direct disjoncteur g\u00e9n\u00e9ral alimente le pr\u00e9ampli et les convertisseurs.<\/p>\n<p>Alimentation lecteur MSB (bo\u00eete noire \u00e0 droite)<br \/>\nUne batterie 12v 45AH d\u00e9coupl\u00e9e par une batterie de condensateurs de 1396 000\u00b5F&#8230; presque 1,4 Farad !<br \/>\nPierre et d\u00e9couplage Cerabase classic.<\/p>\n<p style=\"text-align: right;\"><a href=\"http:\/\/www.living-leedh.com\/wp-content\/uploads\/2018\/06\/Piano5w.jpg\"><img loading=\"lazy\" decoding=\"async\" class=\"wp-image-6137 alignright\" src=\"http:\/\/www.living-leedh.com\/wp-content\/uploads\/2018\/06\/Piano5w.jpg\" alt=\"\" width=\"337\" height=\"190\" srcset=\"https:\/\/www.living-leedh.com\/wp-content\/uploads\/2018\/06\/Piano5w.jpg 1024w, https:\/\/www.living-leedh.com\/wp-content\/uploads\/2018\/06\/Piano5w-300x169.jpg 300w, https:\/\/www.living-leedh.com\/wp-content\/uploads\/2018\/06\/Piano5w-768x434.jpg 768w, https:\/\/www.living-leedh.com\/wp-content\/uploads\/2018\/06\/Piano5w-128x72.jpg 128w, https:\/\/www.living-leedh.com\/wp-content\/uploads\/2018\/06\/Piano5w-400x226.jpg 400w\" sizes=\"auto, (max-width: 337px) 100vw, 337px\" \/><\/a><br \/>\n<strong>C\u00e2blage<\/strong> O2a secteur et modulation, modifi\u00e9 par mes soins.<\/p>\n<p>&nbsp;<\/p>\n<p><a href=\"http:\/\/www.living-leedh.com\/wp-content\/uploads\/2018\/06\/Piano6w.jpg\"><img loading=\"lazy\" decoding=\"async\" class=\" wp-image-6136 alignleft\" src=\"http:\/\/www.living-leedh.com\/wp-content\/uploads\/2018\/06\/Piano6w.jpg\" alt=\"\" width=\"329\" height=\"186\" srcset=\"https:\/\/www.living-leedh.com\/wp-content\/uploads\/2018\/06\/Piano6w.jpg 1024w, https:\/\/www.living-leedh.com\/wp-content\/uploads\/2018\/06\/Piano6w-300x169.jpg 300w, https:\/\/www.living-leedh.com\/wp-content\/uploads\/2018\/06\/Piano6w-768x434.jpg 768w, https:\/\/www.living-leedh.com\/wp-content\/uploads\/2018\/06\/Piano6w-128x72.jpg 128w, https:\/\/www.living-leedh.com\/wp-content\/uploads\/2018\/06\/Piano6w-400x226.jpg 400w\" sizes=\"auto, (max-width: 329px) 100vw, 329px\" \/><\/a>C\u00e2blage enceintes : Leedh modifi\u00e9 par mes soins.<br \/>\nAucun c\u00e2ble ne touche le sol. Supports de c\u00e2bles maison.<\/p>\n<p><a href=\"http:\/\/www.living-leedh.com\/wp-content\/uploads\/2018\/06\/Piano7w.jpg\"><img loading=\"lazy\" decoding=\"async\" class=\"alignnone size-full wp-image-6142\" src=\"http:\/\/www.living-leedh.com\/wp-content\/uploads\/2018\/06\/Piano7w.jpg\" alt=\"\" width=\"1024\" height=\"578\" srcset=\"https:\/\/www.living-leedh.com\/wp-content\/uploads\/2018\/06\/Piano7w.jpg 1024w, https:\/\/www.living-leedh.com\/wp-content\/uploads\/2018\/06\/Piano7w-300x169.jpg 300w, https:\/\/www.living-leedh.com\/wp-content\/uploads\/2018\/06\/Piano7w-768x434.jpg 768w, https:\/\/www.living-leedh.com\/wp-content\/uploads\/2018\/06\/Piano7w-128x72.jpg 128w, https:\/\/www.living-leedh.com\/wp-content\/uploads\/2018\/06\/Piano7w-400x226.jpg 400w\" sizes=\"auto, (max-width: 1024px) 100vw, 1024px\" \/><\/a><br \/>\nLes <a href=\"http:\/\/www.living-leedh.com\/?page_id=22\" target=\"_blank\" rel=\"noopener\"><strong>E2 Glass<\/strong> <\/a>support\u00e9es par la m\u00eame pierre.<br \/>\nEncore en cours de tests : Sa liaison au sol par une bille acier \u00e9voluant entre deux port\u00e9es sph\u00e9riques, elles aussi en acier tremp\u00e9 (fabrication maison, sauf la bille bien s\u00fbr !) ; la bille est situ\u00e9e tr\u00e8s pr\u00e8s de la verticale du centre de gravit\u00e9 de l&rsquo;ensemble enceinte\/plaque de pierre. Une bande de feutre mi-dur emp\u00eache le basculement de l&rsquo;enceinte.<br \/>\nUne autre bande identique assure la s\u00e9curit\u00e9.<\/p>\n<p>&nbsp;<\/p>\n<p>&nbsp;<\/p>\n<p>&nbsp;<\/p>\n","protected":false},"excerpt":{"rendered":"<p>Une tr\u00e8s belle installation en r\u00e9gion parisienne. L&rsquo;auditorium est une salle d\u00e9di\u00e9e de 5.35m(l) x 7.8m(L) x 3.5m(H). Pas de traitement acoustique. Parquet, tapis, boiserie toute hauteur avec panneaux de velours tendu. Les enceintes sont espac\u00e9es de 3.6m, \u00e0 0.87m des murs lat\u00e9raux, et \u00e0 1.45m du mur arri\u00e8re. Les caissons sont espac\u00e9s de 4m &hellip; <a href=\"https:\/\/www.living-leedh.com\/?page_id=6114\" class=\"more-link\">Continuer la lecture de <span class=\"screen-reader-text\">Piano<\/span>  <span class=\"meta-nav\">&rarr;<\/span><\/a><\/p>\n","protected":false},"author":1,"featured_media":0,"parent":0,"menu_order":0,"comment_status":"closed","ping_status":"closed","template":"","meta":{"_bbp_topic_count":0,"_bbp_reply_count":0,"_bbp_total_topic_count":0,"_bbp_total_reply_count":0,"_bbp_voice_count":0,"_bbp_anonymous_reply_count":0,"_bbp_topic_count_hidden":0,"_bbp_reply_count_hidden":0,"_bbp_forum_subforum_count":0,"footnotes":""},"class_list":["post-6114","page","type-page","status-publish","hentry"],"_links":{"self":[{"href":"https:\/\/www.living-leedh.com\/index.php?rest_route=\/wp\/v2\/pages\/6114","targetHints":{"allow":["GET"]}}],"collection":[{"href":"https:\/\/www.living-leedh.com\/index.php?rest_route=\/wp\/v2\/pages"}],"about":[{"href":"https:\/\/www.living-leedh.com\/index.php?rest_route=\/wp\/v2\/types\/page"}],"author":[{"embeddable":true,"href":"https:\/\/www.living-leedh.com\/index.php?rest_route=\/wp\/v2\/users\/1"}],"replies":[{"embeddable":true,"href":"https:\/\/www.living-leedh.com\/index.php?rest_route=%2Fwp%2Fv2%2Fcomments&post=6114"}],"version-history":[{"count":11,"href":"https:\/\/www.living-leedh.com\/index.php?rest_route=\/wp\/v2\/pages\/6114\/revisions"}],"predecessor-version":[{"id":7448,"href":"https:\/\/www.living-leedh.com\/index.php?rest_route=\/wp\/v2\/pages\/6114\/revisions\/7448"}],"wp:attachment":[{"href":"https:\/\/www.living-leedh.com\/index.php?rest_route=%2Fwp%2Fv2%2Fmedia&parent=6114"}],"curies":[{"name":"wp","href":"https:\/\/api.w.org\/{rel}","templated":true}]}}