{"id":7497,"date":"2022-06-26T11:28:38","date_gmt":"2022-06-26T09:28:38","guid":{"rendered":"https:\/\/www.living-leedh.com\/?page_id=7497"},"modified":"2022-09-17T12:35:08","modified_gmt":"2022-09-17T10:35:08","slug":"salon-paris-est-2022","status":"publish","type":"page","link":"https:\/\/www.living-leedh.com\/?page_id=7497","title":{"rendered":"Salon Paris Est 2022"},"content":{"rendered":"<p>Premi\u00e8re pr\u00e9sentation publique du syst\u00e8me Origami, au salon de la revue Haute Fid\u00e9lit\u00e9.<br \/>\nUn salon dans un nouveau lieu (Novotel Paris Est) et sur de\u00a0 nouvelles dates (juin au lieu de novembre)<\/p>\n<p><a href=\"https:\/\/www.living-leedh.com\/wp-content\/uploads\/2022\/06\/IMG_2273-scaled.jpg\"><img loading=\"lazy\" decoding=\"async\" class=\"alignnone size-full wp-image-7496\" src=\"https:\/\/www.living-leedh.com\/wp-content\/uploads\/2022\/06\/IMG_2273-scaled.jpg\" alt=\"\" width=\"2560\" height=\"1920\" srcset=\"https:\/\/www.living-leedh.com\/wp-content\/uploads\/2022\/06\/IMG_2273-scaled.jpg 2560w, https:\/\/www.living-leedh.com\/wp-content\/uploads\/2022\/06\/IMG_2273-300x225.jpg 300w, https:\/\/www.living-leedh.com\/wp-content\/uploads\/2022\/06\/IMG_2273-1024x768.jpg 1024w, https:\/\/www.living-leedh.com\/wp-content\/uploads\/2022\/06\/IMG_2273-768x576.jpg 768w, https:\/\/www.living-leedh.com\/wp-content\/uploads\/2022\/06\/IMG_2273-1536x1152.jpg 1536w, https:\/\/www.living-leedh.com\/wp-content\/uploads\/2022\/06\/IMG_2273-2048x1536.jpg 2048w, https:\/\/www.living-leedh.com\/wp-content\/uploads\/2022\/06\/IMG_2273-400x300.jpg 400w\" sizes=\"auto, (max-width: 2560px) 100vw, 2560px\" \/><\/a><\/p>\n<p>Arriv\u00e9e le vendredi au matin, o\u00f9 nous apprenons que Edgar Morineau, charg\u00e9 de la pr\u00e9sentation du syst\u00e8me avec ses platines vinyles, ne pourra \u00eatre pr\u00e9sent pour des raisons familiales.<br \/>\nSa verve, sa truculence, ainsi que ses comp\u00e9tences vont nous manquer !<br \/>\nLe syst\u00e8me ne fonctionnera donc qu&rsquo;avec des sources num\u00e9riques.<\/p>\n<p>La salle est vaste (70 m2) et plut\u00f4t bien agenc\u00e9e. De plus elle est isol\u00e9e des voisins, ce qui permettra des diffusions en continu, alors que d&rsquo;autres seront condamn\u00e9s \u00e0 l&rsquo;alternance.<br \/>\nInstallation du syst\u00e8me plut\u00f4t rapide et ais\u00e9e. mais beaucoup de temps\u00a0 perdu pour avoir une connexion internet, les prises RJ45 not\u00e9es sur les plans de salle ne sont pas raccord\u00e9es, et Ludovic a pr\u00e9vu des playlists en streaming Qobuz, plut\u00f4t que sur le NAS.<br \/>\nLe technicien de l&rsquo;h\u00f4tel, tr\u00e8s disponible, ne comptera pas ses allers retours entre la salle et la baie de brassage.<br \/>\nFin de journ\u00e9e, le probl\u00e8me sera r\u00e9solu.<br \/>\nEt la soir\u00e9e (tr\u00e8s tard pour Ludovic) sera consacr\u00e9e aux \u00e9coutes et affinement des r\u00e9glages.<\/p>\n<div id='gallery-1' class='gallery galleryid-7497 gallery-columns-3 gallery-size-thumbnail'><figure class='gallery-item'>\n\t\t\t<div class='gallery-icon portrait'>\n\t\t\t\t<a href='https:\/\/www.living-leedh.com\/?attachment_id=7494'><img loading=\"lazy\" decoding=\"async\" width=\"150\" height=\"150\" src=\"https:\/\/www.living-leedh.com\/wp-content\/uploads\/2022\/06\/IMG_2271-150x150.jpg\" class=\"attachment-thumbnail size-thumbnail\" alt=\"\" srcset=\"https:\/\/www.living-leedh.com\/wp-content\/uploads\/2022\/06\/IMG_2271-150x150.jpg 150w, https:\/\/www.living-leedh.com\/wp-content\/uploads\/2022\/06\/IMG_2271-200x200.jpg 200w\" sizes=\"auto, (max-width: 150px) 100vw, 150px\" \/><\/a>\n\t\t\t<\/div><\/figure><figure class='gallery-item'>\n\t\t\t<div class='gallery-icon portrait'>\n\t\t\t\t<a href='https:\/\/www.living-leedh.com\/?attachment_id=7493'><img loading=\"lazy\" decoding=\"async\" width=\"150\" height=\"150\" src=\"https:\/\/www.living-leedh.com\/wp-content\/uploads\/2022\/06\/IMG_2270-150x150.jpg\" class=\"attachment-thumbnail size-thumbnail\" alt=\"\" srcset=\"https:\/\/www.living-leedh.com\/wp-content\/uploads\/2022\/06\/IMG_2270-150x150.jpg 150w, https:\/\/www.living-leedh.com\/wp-content\/uploads\/2022\/06\/IMG_2270-200x200.jpg 200w\" sizes=\"auto, (max-width: 150px) 100vw, 150px\" \/><\/a>\n\t\t\t<\/div><\/figure><figure class='gallery-item'>\n\t\t\t<div class='gallery-icon portrait'>\n\t\t\t\t<a href='https:\/\/www.living-leedh.com\/?attachment_id=7491'><img loading=\"lazy\" decoding=\"async\" width=\"150\" height=\"150\" src=\"https:\/\/www.living-leedh.com\/wp-content\/uploads\/2022\/06\/IMG_2269-150x150.jpg\" class=\"attachment-thumbnail size-thumbnail\" alt=\"\" srcset=\"https:\/\/www.living-leedh.com\/wp-content\/uploads\/2022\/06\/IMG_2269-150x150.jpg 150w, https:\/\/www.living-leedh.com\/wp-content\/uploads\/2022\/06\/IMG_2269-200x200.jpg 200w\" sizes=\"auto, (max-width: 150px) 100vw, 150px\" \/><\/a>\n\t\t\t<\/div><\/figure><figure class='gallery-item'>\n\t\t\t<div class='gallery-icon portrait'>\n\t\t\t\t<a href='https:\/\/www.living-leedh.com\/?attachment_id=7490'><img loading=\"lazy\" decoding=\"async\" width=\"150\" height=\"150\" src=\"https:\/\/www.living-leedh.com\/wp-content\/uploads\/2022\/06\/IMG_2268-150x150.jpg\" class=\"attachment-thumbnail size-thumbnail\" alt=\"\" srcset=\"https:\/\/www.living-leedh.com\/wp-content\/uploads\/2022\/06\/IMG_2268-150x150.jpg 150w, https:\/\/www.living-leedh.com\/wp-content\/uploads\/2022\/06\/IMG_2268-200x200.jpg 200w\" sizes=\"auto, (max-width: 150px) 100vw, 150px\" \/><\/a>\n\t\t\t<\/div><\/figure><figure class='gallery-item'>\n\t\t\t<div class='gallery-icon landscape'>\n\t\t\t\t<a href='https:\/\/www.living-leedh.com\/?attachment_id=7489'><img loading=\"lazy\" decoding=\"async\" width=\"150\" height=\"150\" src=\"https:\/\/www.living-leedh.com\/wp-content\/uploads\/2022\/06\/IMG_2266-150x150.jpg\" class=\"attachment-thumbnail size-thumbnail\" alt=\"\" srcset=\"https:\/\/www.living-leedh.com\/wp-content\/uploads\/2022\/06\/IMG_2266-150x150.jpg 150w, https:\/\/www.living-leedh.com\/wp-content\/uploads\/2022\/06\/IMG_2266-200x200.jpg 200w\" sizes=\"auto, (max-width: 150px) 100vw, 150px\" \/><\/a>\n\t\t\t<\/div><\/figure><figure class='gallery-item'>\n\t\t\t<div class='gallery-icon landscape'>\n\t\t\t\t<a href='https:\/\/www.living-leedh.com\/?attachment_id=7487'><img loading=\"lazy\" decoding=\"async\" width=\"150\" height=\"150\" src=\"https:\/\/www.living-leedh.com\/wp-content\/uploads\/2022\/06\/IMG_2258-150x150.jpg\" class=\"attachment-thumbnail size-thumbnail\" alt=\"\" srcset=\"https:\/\/www.living-leedh.com\/wp-content\/uploads\/2022\/06\/IMG_2258-150x150.jpg 150w, https:\/\/www.living-leedh.com\/wp-content\/uploads\/2022\/06\/IMG_2258-200x200.jpg 200w\" sizes=\"auto, (max-width: 150px) 100vw, 150px\" \/><\/a>\n\t\t\t<\/div><\/figure>\n\t\t<\/div>\n\n<p>Tr\u00e8s beau succ\u00e8s public confirm\u00e9 par des auditeurs attentifs, qui resteront sur de longues \u00e9coutes et qui pour beaucoup reviendront plusieurs fois dans le week-end.<br \/>\nDes passages, parfois r\u00e9p\u00e9t\u00e9s, d&rsquo;autres exposants pr\u00e9sents sur le salon, qui ne semblaient pas(re) venir par hasard &#8230;<br \/>\nUne belle intervention de Philippe Tessier Ducros, ing\u00e9 son r\u00e9put\u00e9, qui encensera le syst\u00e8me apr\u00e8s \u00e9coute de quelques uns de ses enregistrements.<br \/>\nDes playlists originales, que l&rsquo;on n&rsquo;entend pas habituellement, et Ludo qui se l\u00e2chera en fin de journ\u00e9e.<br \/>\nDes remarques pertinentes dont il est d\u00e9j\u00e0 tenu compte pour am\u00e9liorer encore le syst\u00e8me.<br \/>\nUn streaming Qobuz en pleine forme pour r\u00e9pondre \u00e0 toutes les demandes de titres, parfois surprenantes.<br \/>\nLe lundi, le syst\u00e8me sera install\u00e9 chez un particulier, pour essai \u00e0 domicile pendant une semaine, chez un homme qui a du go\u00fbt.<\/p>\n<p>Succ\u00e8s au rendez-vous pour cette premi\u00e8re sortie publique officielle.<\/p>\n<p>Sur le<a href=\"http:\/\/www.forum-bleu.com\/t2570-reportage-salon-haute-fidelite-2022\" target=\"_blank\" rel=\"noopener\"> forum bleu<\/a><\/p>\n","protected":false},"excerpt":{"rendered":"<p>Premi\u00e8re pr\u00e9sentation publique du syst\u00e8me Origami, au salon de la revue Haute Fid\u00e9lit\u00e9. Un salon dans un nouveau lieu (Novotel Paris Est) et sur de\u00a0 nouvelles dates (juin au lieu de novembre) Arriv\u00e9e le vendredi au matin, o\u00f9 nous apprenons que Edgar Morineau, charg\u00e9 de la pr\u00e9sentation du syst\u00e8me avec ses platines vinyles, ne pourra &hellip; <a href=\"https:\/\/www.living-leedh.com\/?page_id=7497\" class=\"more-link\">Continuer la lecture de <span class=\"screen-reader-text\">Salon Paris Est 2022<\/span>  <span class=\"meta-nav\">&rarr;<\/span><\/a><\/p>\n","protected":false},"author":1,"featured_media":0,"parent":0,"menu_order":0,"comment_status":"closed","ping_status":"closed","template":"","meta":{"_bbp_topic_count":0,"_bbp_reply_count":0,"_bbp_total_topic_count":0,"_bbp_total_reply_count":0,"_bbp_voice_count":0,"_bbp_anonymous_reply_count":0,"_bbp_topic_count_hidden":0,"_bbp_reply_count_hidden":0,"_bbp_forum_subforum_count":0,"footnotes":""},"class_list":["post-7497","page","type-page","status-publish","hentry"],"_links":{"self":[{"href":"https:\/\/www.living-leedh.com\/index.php?rest_route=\/wp\/v2\/pages\/7497","targetHints":{"allow":["GET"]}}],"collection":[{"href":"https:\/\/www.living-leedh.com\/index.php?rest_route=\/wp\/v2\/pages"}],"about":[{"href":"https:\/\/www.living-leedh.com\/index.php?rest_route=\/wp\/v2\/types\/page"}],"author":[{"embeddable":true,"href":"https:\/\/www.living-leedh.com\/index.php?rest_route=\/wp\/v2\/users\/1"}],"replies":[{"embeddable":true,"href":"https:\/\/www.living-leedh.com\/index.php?rest_route=%2Fwp%2Fv2%2Fcomments&post=7497"}],"version-history":[{"count":10,"href":"https:\/\/www.living-leedh.com\/index.php?rest_route=\/wp\/v2\/pages\/7497\/revisions"}],"predecessor-version":[{"id":7542,"href":"https:\/\/www.living-leedh.com\/index.php?rest_route=\/wp\/v2\/pages\/7497\/revisions\/7542"}],"wp:attachment":[{"href":"https:\/\/www.living-leedh.com\/index.php?rest_route=%2Fwp%2Fv2%2Fmedia&parent=7497"}],"curies":[{"name":"wp","href":"https:\/\/api.w.org\/{rel}","templated":true}]}}