{"id":823,"date":"2015-05-01T17:46:50","date_gmt":"2015-05-01T15:46:50","guid":{"rendered":"http:\/\/www.living-leedh.com\/?page_id=823"},"modified":"2017-03-23T18:43:44","modified_gmt":"2017-03-23T17:43:44","slug":"perspective","status":"publish","type":"page","link":"https:\/\/www.living-leedh.com\/?page_id=823","title":{"rendered":"Perspective"},"content":{"rendered":"<p><strong><span style=\"color: #000000;\"><span style=\"font-family: 'Calibri','sans-serif'; font-size: 11pt;\">MK1 : 1976 &#8211; <\/span><span style=\"font-family: 'Calibri','sans-serif'; font-size: 11pt;\">MK2 : 1977 &#8211; <\/span><span style=\"font-family: 'Calibri','sans-serif'; font-size: 11pt;\">MK3 : 1978<\/span><\/span><\/strong><\/p>\n<p>Les fameuses Leedh Perspective, des d\u00e9buts du fabricant Gilles Milot. La premi\u00e8re version de la PERSPECTIVE \u00e9tait l&rsquo;enceinte <a href=\"http:\/\/www.living-leedh.com\/?page_id=4276\" target=\"_blank\">AUDIENCE<\/a> du nom de la premi\u00e8re soci\u00e9t\u00e9, en 1975.<a href=\"http:\/\/www.living-leedh.com\/wp-content\/uploads\/2015\/05\/21.perspe1.jpg\"><img loading=\"lazy\" decoding=\"async\" class=\"alignnone size-full wp-image-5082\" src=\"http:\/\/www.living-leedh.com\/wp-content\/uploads\/2015\/05\/21.perspe1.jpg\" alt=\"21.perspe1\" width=\"313\" height=\"794\" srcset=\"https:\/\/www.living-leedh.com\/wp-content\/uploads\/2015\/05\/21.perspe1.jpg 313w, https:\/\/www.living-leedh.com\/wp-content\/uploads\/2015\/05\/21.perspe1-118x300.jpg 118w, https:\/\/www.living-leedh.com\/wp-content\/uploads\/2015\/05\/21.perspe1-237x600.jpg 237w\" sizes=\"auto, (max-width: 313px) 100vw, 313px\" \/><\/a><\/p>\n<p>Conception d&rsquo;exception, avec filtres \u00e0 rotation de phase minimale et HPs trait\u00e9s en cons\u00e9quence.\u00a04 voies bi-amplifiable, \u00e9quip\u00e9es de HPs Audax : 2 boomers Woofer 24 en push-pull, medium Woofer 12 et tweeter TW8B coup\u00e9 \u00e0\u00a012 KHz. Tr\u00e8s musicales, d&rsquo;une grande limpidit\u00e9.<\/p>\n<p>Pr\u00e9paration du tweeter <strong>TW8B<\/strong> : Gilles retirait la grille du tweeter, estimant qu\u2019elle nuisait \u00e0 sa qualit\u00e9 intrins\u00e8que.<br \/>\nQuant \u00e0 la membrane de m\u00e9dium <strong>WFR 12<\/strong>, elle \u00e9tait \u00ab\u00a0pr\u00e9par\u00e9e\u00a0\u00bb par \u00ab\u00a0un coup de pinceau sur la membrane, sans toucher le d\u00f4me, d\u2019un m\u00e9lange de colle scotch et de colle n\u00e9opr\u00e8ne\u00a0\u00bb\u2026<\/p>\n<p><a href=\"http:\/\/www.living-leedh.com\/wp-content\/uploads\/2015\/05\/Doc-Perspective1Web.jpg\"><img loading=\"lazy\" decoding=\"async\" class=\"alignnone size-medium wp-image-824\" src=\"http:\/\/www.living-leedh.com\/wp-content\/uploads\/2015\/05\/Doc-Perspective1Web-208x300.jpg\" alt=\"Doc Perspective1Web\" width=\"208\" height=\"300\" srcset=\"https:\/\/www.living-leedh.com\/wp-content\/uploads\/2015\/05\/Doc-Perspective1Web-208x300.jpg 208w, https:\/\/www.living-leedh.com\/wp-content\/uploads\/2015\/05\/Doc-Perspective1Web.jpg 311w\" sizes=\"auto, (max-width: 208px) 100vw, 208px\" \/><\/a><a href=\"http:\/\/www.living-leedh.com\/wp-content\/uploads\/2015\/05\/Doc-Perspective-2web.jpg\"><img loading=\"lazy\" decoding=\"async\" class=\"alignnone size-medium wp-image-825\" src=\"http:\/\/www.living-leedh.com\/wp-content\/uploads\/2015\/05\/Doc-Perspective-2web-206x300.jpg\" alt=\"Doc Perspective-2web\" width=\"206\" height=\"300\" srcset=\"https:\/\/www.living-leedh.com\/wp-content\/uploads\/2015\/05\/Doc-Perspective-2web-206x300.jpg 206w, https:\/\/www.living-leedh.com\/wp-content\/uploads\/2015\/05\/Doc-Perspective-2web.jpg 704w, https:\/\/www.living-leedh.com\/wp-content\/uploads\/2015\/05\/Doc-Perspective-2web-400x582.jpg 400w\" sizes=\"auto, (max-width: 206px) 100vw, 206px\" \/><\/a><a href=\"http:\/\/www.living-leedh.com\/wp-content\/uploads\/2015\/05\/Doc-Perspective-3web1.jpg\"><img loading=\"lazy\" decoding=\"async\" class=\"alignnone size-medium wp-image-834\" src=\"http:\/\/www.living-leedh.com\/wp-content\/uploads\/2015\/05\/Doc-Perspective-3web1-259x300.jpg\" alt=\"Doc Perspective-3web1\" width=\"259\" height=\"300\" srcset=\"https:\/\/www.living-leedh.com\/wp-content\/uploads\/2015\/05\/Doc-Perspective-3web1-259x300.jpg 259w, https:\/\/www.living-leedh.com\/wp-content\/uploads\/2015\/05\/Doc-Perspective-3web1-400x464.jpg 400w, https:\/\/www.living-leedh.com\/wp-content\/uploads\/2015\/05\/Doc-Perspective-3web1.jpg 768w\" sizes=\"auto, (max-width: 259px) 100vw, 259px\" \/><\/a><a href=\"http:\/\/www.living-leedh.com\/wp-content\/uploads\/2015\/05\/Doc-Perspective-4web.jpg\"><img loading=\"lazy\" decoding=\"async\" class=\"alignnone size-medium wp-image-827\" src=\"http:\/\/www.living-leedh.com\/wp-content\/uploads\/2015\/05\/Doc-Perspective-4web-207x300.jpg\" alt=\"Doc Perspective-4web\" width=\"207\" height=\"300\" srcset=\"https:\/\/www.living-leedh.com\/wp-content\/uploads\/2015\/05\/Doc-Perspective-4web-207x300.jpg 207w, https:\/\/www.living-leedh.com\/wp-content\/uploads\/2015\/05\/Doc-Perspective-4web.jpg 707w, https:\/\/www.living-leedh.com\/wp-content\/uploads\/2015\/05\/Doc-Perspective-4web-400x579.jpg 400w\" sizes=\"auto, (max-width: 207px) 100vw, 207px\" \/><\/a><a href=\"http:\/\/www.living-leedh.com\/wp-content\/uploads\/2015\/05\/Doc-Perspective-5web1.jpg\"><img loading=\"lazy\" decoding=\"async\" class=\"alignnone wp-image-830\" src=\"http:\/\/www.living-leedh.com\/wp-content\/uploads\/2015\/05\/Doc-Perspective-5web1-300x280.jpg\" alt=\"Doc Perspective-5web1\" width=\"206\" height=\"192\" srcset=\"https:\/\/www.living-leedh.com\/wp-content\/uploads\/2015\/05\/Doc-Perspective-5web1-300x280.jpg 300w, https:\/\/www.living-leedh.com\/wp-content\/uploads\/2015\/05\/Doc-Perspective-5web1-400x373.jpg 400w, https:\/\/www.living-leedh.com\/wp-content\/uploads\/2015\/05\/Doc-Perspective-5web1.jpg 632w\" sizes=\"auto, (max-width: 206px) 100vw, 206px\" \/><\/a><a href=\"http:\/\/www.living-leedh.com\/wp-content\/uploads\/2015\/05\/Doc-Perspective-6web.jpg\"><img loading=\"lazy\" decoding=\"async\" class=\"alignnone size-medium wp-image-829\" src=\"http:\/\/www.living-leedh.com\/wp-content\/uploads\/2015\/05\/Doc-Perspective-6web-207x300.jpg\" alt=\"Doc Perspective-6web\" width=\"207\" height=\"300\" srcset=\"https:\/\/www.living-leedh.com\/wp-content\/uploads\/2015\/05\/Doc-Perspective-6web-207x300.jpg 207w, https:\/\/www.living-leedh.com\/wp-content\/uploads\/2015\/05\/Doc-Perspective-6web.jpg 706w, https:\/\/www.living-leedh.com\/wp-content\/uploads\/2015\/05\/Doc-Perspective-6web-400x580.jpg 400w\" sizes=\"auto, (max-width: 207px) 100vw, 207px\" \/><\/a><\/p>\n<p>Le bi-c\u00e2blage : <a href=\"http:\/\/www.living-leedh.com\/wp-content\/uploads\/2015\/05\/Bicablageweb.jpg\"><img loading=\"lazy\" decoding=\"async\" class=\"alignnone size-medium wp-image-844\" src=\"http:\/\/www.living-leedh.com\/wp-content\/uploads\/2015\/05\/Bicablageweb-300x242.jpg\" alt=\"Bicablageweb\" width=\"300\" height=\"242\" srcset=\"https:\/\/www.living-leedh.com\/wp-content\/uploads\/2015\/05\/Bicablageweb-300x242.jpg 300w, https:\/\/www.living-leedh.com\/wp-content\/uploads\/2015\/05\/Bicablageweb-400x322.jpg 400w, https:\/\/www.living-leedh.com\/wp-content\/uploads\/2015\/05\/Bicablageweb.jpg 417w\" sizes=\"auto, (max-width: 300px) 100vw, 300px\" \/><\/a><\/p>\n<p>Le filtre :<a href=\"http:\/\/www.living-leedh.com\/wp-content\/uploads\/2017\/02\/Perspective-4.jpg\"><img loading=\"lazy\" decoding=\"async\" class=\"alignnone size-full wp-image-5184\" src=\"http:\/\/www.living-leedh.com\/wp-content\/uploads\/2017\/02\/Perspective-4.jpg\" alt=\"\" width=\"800\" height=\"533\" srcset=\"https:\/\/www.living-leedh.com\/wp-content\/uploads\/2017\/02\/Perspective-4.jpg 800w, https:\/\/www.living-leedh.com\/wp-content\/uploads\/2017\/02\/Perspective-4-300x200.jpg 300w, https:\/\/www.living-leedh.com\/wp-content\/uploads\/2017\/02\/Perspective-4-768x512.jpg 768w, https:\/\/www.living-leedh.com\/wp-content\/uploads\/2017\/02\/Perspective-4-400x267.jpg 400w\" sizes=\"auto, (max-width: 800px) 100vw, 800px\" \/><\/a><\/p>\n<p>Le 4\u00e9me haut-parleur :<a href=\"http:\/\/www.living-leedh.com\/wp-content\/uploads\/2017\/02\/Perspective-3.jpg\"><img loading=\"lazy\" decoding=\"async\" class=\"alignnone size-full wp-image-5183\" src=\"http:\/\/www.living-leedh.com\/wp-content\/uploads\/2017\/02\/Perspective-3.jpg\" alt=\"\" width=\"533\" height=\"800\" srcset=\"https:\/\/www.living-leedh.com\/wp-content\/uploads\/2017\/02\/Perspective-3.jpg 533w, https:\/\/www.living-leedh.com\/wp-content\/uploads\/2017\/02\/Perspective-3-200x300.jpg 200w, https:\/\/www.living-leedh.com\/wp-content\/uploads\/2017\/02\/Perspective-3-400x600.jpg 400w\" sizes=\"auto, (max-width: 533px) 100vw, 533px\" \/><\/a><\/p>\n<p><strong>Extrait d&rsquo;un Forum : <\/strong><em>-Je me permet de rajouter ma petite pierre \u00e0 l&rsquo;\u00e9difice ayant travaill\u00e9 pour la S.P.E.A \u00e0 paris rue copernic ou \u00e9tait fabriqu\u00e9e les enceintes perspectives dans les ann\u00e9es 80.<\/em><br \/>\n<em>Le traitement des HP Audax WFR24 et WFR 12 \u00e9tait fait sur place ainsi que le traitement de \u00e9b\u00e9nisteries le garnissage et le montage des Enceintes.<\/em><br \/>\n<em>Les soudures \u00e0 l&rsquo;argent des filtres \u00e9taient faites avec passion et le montage prenait beaucoup de temps.<\/em><br \/>\n<em>Les test se faisaient avec un ampli threshold SA 400 Cascode j&rsquo; avais moins de 20 ans c&rsquo;\u00e9tait un de mes premiers JOB et quel plaisir d&rsquo;\u00e9couter un tel mat\u00e9riel.<\/em><br \/>\n<em>Je me souviens que gilles Milot avais un Labo de test au premier \u00e9tage \u00e0 cot\u00e9 de l&rsquo;endroit ou je modifiais les Threshold 400A en 400 cascode &#8230;.<\/em><\/p>\n<p><strong>Une Perspective MK3 restaur\u00e9e\u00a0:<\/strong><\/p>\n<p><a href=\"http:\/\/www.living-leedh.com\/wp-content\/uploads\/2015\/05\/Restore1web.jpg\"><img loading=\"lazy\" decoding=\"async\" class=\"alignnone size-medium wp-image-845\" src=\"http:\/\/www.living-leedh.com\/wp-content\/uploads\/2015\/05\/Restore1web-132x300.jpg\" alt=\"Restore1web\" width=\"132\" height=\"300\" srcset=\"https:\/\/www.living-leedh.com\/wp-content\/uploads\/2015\/05\/Restore1web-132x300.jpg 132w, https:\/\/www.living-leedh.com\/wp-content\/uploads\/2015\/05\/Restore1web.jpg 197w\" sizes=\"auto, (max-width: 132px) 100vw, 132px\" \/><\/a>\u00a0<a href=\"http:\/\/www.living-leedh.com\/wp-content\/uploads\/2015\/05\/Restorefinweb.jpg\"><img loading=\"lazy\" decoding=\"async\" class=\"alignnone size-medium wp-image-843\" src=\"http:\/\/www.living-leedh.com\/wp-content\/uploads\/2015\/05\/Restorefinweb-109x300.jpg\" alt=\"Restorefinweb\" width=\"109\" height=\"300\" srcset=\"https:\/\/www.living-leedh.com\/wp-content\/uploads\/2015\/05\/Restorefinweb-109x300.jpg 109w, https:\/\/www.living-leedh.com\/wp-content\/uploads\/2015\/05\/Restorefinweb.jpg 163w\" sizes=\"auto, (max-width: 109px) 100vw, 109px\" \/><\/a>\u00a0<a href=\"http:\/\/www.living-leedh.com\/wp-content\/uploads\/2015\/05\/Restorefin2web.jpg\"><img loading=\"lazy\" decoding=\"async\" class=\"alignnone size-medium wp-image-842\" src=\"http:\/\/www.living-leedh.com\/wp-content\/uploads\/2015\/05\/Restorefin2web-199x300.jpg\" alt=\"Restorefin2web\" width=\"199\" height=\"300\" srcset=\"https:\/\/www.living-leedh.com\/wp-content\/uploads\/2015\/05\/Restorefin2web-199x300.jpg 199w, https:\/\/www.living-leedh.com\/wp-content\/uploads\/2015\/05\/Restorefin2web.jpg 680w, https:\/\/www.living-leedh.com\/wp-content\/uploads\/2015\/05\/Restorefin2web-398x600.jpg 398w\" sizes=\"auto, (max-width: 199px) 100vw, 199px\" \/><\/a><\/p>\n<p><em>Merci \u00e0 Th\u00e9o\u00a0pour sa contribution \u00e0 cette page.<\/em><\/p>\n<p>&#8212;&#8212;&#8212;&#8212;&#8212;&#8212;&#8212;&#8212;&#8212;&#8212;&#8212;&#8212;&#8212;&#8212;&#8212;&#8212;&#8212;&#8212;&#8212;&#8212;&#8212;-<\/p>\n<p>Vous \u00eates possesseur, utilisateur, collectionneur d&rsquo;un ancien mod\u00e8le ?<\/p>\n<p>Vous pouvez nous apporter des pr\u00e9cisions (dates, \u00e9volutions des mod\u00e8les&#8230;) ?<\/p>\n<p>Merci de nous <span style=\"color: #008000;\"><a style=\"color: #008000;\" title=\"Contact\" href=\"http:\/\/www.living-leedh.com\/?page_id=71\"><u>contacter<\/u><\/a> <\/span>pour alimenter ces rubriques<\/p>\n","protected":false},"excerpt":{"rendered":"<p>MK1 : 1976 &#8211; MK2 : 1977 &#8211; MK3 : 1978 Les fameuses Leedh Perspective, des d\u00e9buts du fabricant Gilles Milot. La premi\u00e8re version de la PERSPECTIVE \u00e9tait l&rsquo;enceinte AUDIENCE du nom de la premi\u00e8re soci\u00e9t\u00e9, en 1975. Conception d&rsquo;exception, avec filtres \u00e0 rotation de phase minimale et HPs trait\u00e9s en cons\u00e9quence.\u00a04 voies bi-amplifiable, \u00e9quip\u00e9es &hellip; <a href=\"https:\/\/www.living-leedh.com\/?page_id=823\" class=\"more-link\">Continuer la lecture de <span class=\"screen-reader-text\">Perspective<\/span>  <span class=\"meta-nav\">&rarr;<\/span><\/a><\/p>\n","protected":false},"author":1,"featured_media":0,"parent":0,"menu_order":0,"comment_status":"open","ping_status":"open","template":"","meta":{"_bbp_topic_count":0,"_bbp_reply_count":0,"_bbp_total_topic_count":0,"_bbp_total_reply_count":0,"_bbp_voice_count":0,"_bbp_anonymous_reply_count":0,"_bbp_topic_count_hidden":0,"_bbp_reply_count_hidden":0,"_bbp_forum_subforum_count":0,"footnotes":""},"class_list":["post-823","page","type-page","status-publish","hentry"],"_links":{"self":[{"href":"https:\/\/www.living-leedh.com\/index.php?rest_route=\/wp\/v2\/pages\/823","targetHints":{"allow":["GET"]}}],"collection":[{"href":"https:\/\/www.living-leedh.com\/index.php?rest_route=\/wp\/v2\/pages"}],"about":[{"href":"https:\/\/www.living-leedh.com\/index.php?rest_route=\/wp\/v2\/types\/page"}],"author":[{"embeddable":true,"href":"https:\/\/www.living-leedh.com\/index.php?rest_route=\/wp\/v2\/users\/1"}],"replies":[{"embeddable":true,"href":"https:\/\/www.living-leedh.com\/index.php?rest_route=%2Fwp%2Fv2%2Fcomments&post=823"}],"version-history":[{"count":18,"href":"https:\/\/www.living-leedh.com\/index.php?rest_route=\/wp\/v2\/pages\/823\/revisions"}],"predecessor-version":[{"id":5185,"href":"https:\/\/www.living-leedh.com\/index.php?rest_route=\/wp\/v2\/pages\/823\/revisions\/5185"}],"wp:attachment":[{"href":"https:\/\/www.living-leedh.com\/index.php?rest_route=%2Fwp%2Fv2%2Fmedia&parent=823"}],"curies":[{"name":"wp","href":"https:\/\/api.w.org\/{rel}","templated":true}]}}