{"id":881,"date":"2015-05-03T09:32:53","date_gmt":"2015-05-03T07:32:53","guid":{"rendered":"http:\/\/www.living-leedh.com\/?page_id=881"},"modified":"2022-04-04T16:29:00","modified_gmt":"2022-04-04T14:29:00","slug":"caisson-2","status":"publish","type":"page","link":"https:\/\/www.living-leedh.com\/?page_id=881","title":{"rendered":"Caisson 20.1"},"content":{"rendered":"<p><strong>Le condensateur qui soulage grave !<\/strong><\/p>\n<p>Le constructeur fait \u00e9tat d&rsquo;une modification simple \u00e0 essayer si un caisson 20.1 est install\u00e9.<\/p>\n<p><span style=\"color: #0000ff;\"><em>\u00ab\u00a0Le relais du haut-grave des enceintes principales par le caisson 20.1 peut \u00eatre accompagn\u00e9 d\u2019un filtrage de celles-ci autour de 50Hz \u00e0 6dB\/oct., par un simple condensateur \u00e0 l\u2019entr\u00e9e de l\u2019amplificateur principal. <\/em><\/span><br \/>\n<span style=\"color: #0000ff;\"><em> Cette mise en \u0153uvre, en soulageant les enceintes principales de fortes excursions des membranes \u00e0 basses fr\u00e9quences et faisant appara\u00eetre l\u2019amplificateur principal comme au moins deux fois plus puissant, conf\u00e8re au syst\u00e8me des qualit\u00e9s de rapidit\u00e9, de capacit\u00e9 dynamique et de \u00ab mati\u00e8re sonore \u00bb insoup\u00e7onnables auparavant, m\u00eame sur de petites enceintes et m\u00eame sur de grosses enceintes de tr\u00e8s haut de gamme.<\/em>\u00ab\u00a0<\/span><\/p>\n<p><span style=\"color: #0000ff;\"><span style=\"color: #000000;\">Le but\u00a0est de soulager l&rsquo;ampli dans le grave (en particulier pour les tubes), et les enceintes principales, en coupant le signal au-dessous de 40 Hz ou 50 Hz,\u00a0 le caisson seul prenant le relais.<\/span><em><br \/>\n<\/em><\/span><span style=\"color: #000000;\">Il faut conna\u00eetre l&rsquo;imp\u00e9dance d&rsquo;entr\u00e9e de l&rsquo;ampli (cf doc constructeur) et calculer le condensateur \u00e0 mettre en s\u00e9rie entre la sortie pr\u00e9ampli et l&rsquo;entr\u00e9e ampli, afin de calculer sa valeur.<\/span><br \/>\n<span style=\"color: #000000;\"> Un bon \u00e9lectro-acousticien est le roi du p\u00e9trole s&rsquo;il conna\u00eet la loi d&rsquo;ohm et la formule F0= 1\/2pi RC\u00a0 (enfin, des fois, il faut creuser profond pour le p\u00e9trole !)<\/span><\/p>\n<p>Voici donc la formule \u00e0 appliquer :<\/p>\n<div>2piF = 1\/RC d&rsquo;o\u00f9 : C= 1\/2piFR<\/div>\n<div><\/div>\n<div>Exemple : (pour imp\u00e9dance d&rsquo;entr\u00e9e de 100 K et coupure \u00e0 40 Hz)<\/div>\n<div>\n<div>F=40Hz<\/div>\n<div>pi=3,14<\/div>\n<div>\n<p>R=100Kohm<\/p>\n<div>soit\u00a0 C=40nF (en s\u00e9rie avec le + de la Cinch d&rsquo;entr\u00e9e)<\/div>\n<p>&nbsp;<\/p>\n<\/div>\n<\/div>\n<figure id=\"attachment_883\" aria-describedby=\"caption-attachment-883\" style=\"width: 300px\" class=\"wp-caption alignnone\"><a href=\"http:\/\/www.living-leedh.com\/wp-content\/uploads\/2015\/05\/condoLeedh1.jpg\"><img loading=\"lazy\" decoding=\"async\" class=\"wp-image-883 size-medium\" src=\"http:\/\/www.living-leedh.com\/wp-content\/uploads\/2015\/05\/condoLeedh1-300x224.jpg\" alt=\"condoLeedh1\" width=\"300\" height=\"224\" srcset=\"https:\/\/www.living-leedh.com\/wp-content\/uploads\/2015\/05\/condoLeedh1-300x224.jpg 300w, https:\/\/www.living-leedh.com\/wp-content\/uploads\/2015\/05\/condoLeedh1-400x299.jpg 400w, https:\/\/www.living-leedh.com\/wp-content\/uploads\/2015\/05\/condoLeedh1.jpg 640w\" sizes=\"auto, (max-width: 300px) 100vw, 300px\" \/><\/a><figcaption id=\"caption-attachment-883\" class=\"wp-caption-text\">\u00e0 l&rsquo;essai<\/figcaption><\/figure>\n<p><a href=\"http:\/\/livingleedh.forumactif.org\/f5-caisson-leedh-20-1\" target=\"_blank\" rel=\"noopener\">Plus d&rsquo;\u00e9changes sur le Forum<\/a><\/p>\n","protected":false},"excerpt":{"rendered":"<p>Le condensateur qui soulage grave ! Le constructeur fait \u00e9tat d&rsquo;une modification simple \u00e0 essayer si un caisson 20.1 est install\u00e9. \u00ab\u00a0Le relais du haut-grave des enceintes principales par le caisson 20.1 peut \u00eatre accompagn\u00e9 d\u2019un filtrage de celles-ci autour de 50Hz \u00e0 6dB\/oct., par un simple condensateur \u00e0 l\u2019entr\u00e9e de l\u2019amplificateur principal. Cette mise &hellip; <a href=\"https:\/\/www.living-leedh.com\/?page_id=881\" class=\"more-link\">Continuer la lecture de <span class=\"screen-reader-text\">Caisson 20.1<\/span>  <span class=\"meta-nav\">&rarr;<\/span><\/a><\/p>\n","protected":false},"author":1,"featured_media":0,"parent":0,"menu_order":0,"comment_status":"open","ping_status":"open","template":"","meta":{"_bbp_topic_count":0,"_bbp_reply_count":0,"_bbp_total_topic_count":0,"_bbp_total_reply_count":0,"_bbp_voice_count":0,"_bbp_anonymous_reply_count":0,"_bbp_topic_count_hidden":0,"_bbp_reply_count_hidden":0,"_bbp_forum_subforum_count":0,"footnotes":""},"class_list":["post-881","page","type-page","status-publish","hentry"],"_links":{"self":[{"href":"https:\/\/www.living-leedh.com\/index.php?rest_route=\/wp\/v2\/pages\/881","targetHints":{"allow":["GET"]}}],"collection":[{"href":"https:\/\/www.living-leedh.com\/index.php?rest_route=\/wp\/v2\/pages"}],"about":[{"href":"https:\/\/www.living-leedh.com\/index.php?rest_route=\/wp\/v2\/types\/page"}],"author":[{"embeddable":true,"href":"https:\/\/www.living-leedh.com\/index.php?rest_route=\/wp\/v2\/users\/1"}],"replies":[{"embeddable":true,"href":"https:\/\/www.living-leedh.com\/index.php?rest_route=%2Fwp%2Fv2%2Fcomments&post=881"}],"version-history":[{"count":26,"href":"https:\/\/www.living-leedh.com\/index.php?rest_route=\/wp\/v2\/pages\/881\/revisions"}],"predecessor-version":[{"id":7457,"href":"https:\/\/www.living-leedh.com\/index.php?rest_route=\/wp\/v2\/pages\/881\/revisions\/7457"}],"wp:attachment":[{"href":"https:\/\/www.living-leedh.com\/index.php?rest_route=%2Fwp%2Fv2%2Fmedia&parent=881"}],"curies":[{"name":"wp","href":"https:\/\/api.w.org\/{rel}","templated":true}]}}